CRAN Package Check Results for Package hindex

Last updated on 2020-09-22 03:49:25 CEST.

Flavor Version Tinstall Tcheck Ttotal Status Flags
r-devel-linux-x86_64-debian-clang 0.2.0 3.45 34.59 38.04 OK
r-devel-linux-x86_64-debian-gcc 0.2.0 0.26 1.82 2.08 ERROR
r-devel-linux-x86_64-fedora-clang 0.2.0 55.23 OK
r-devel-linux-x86_64-fedora-gcc 0.2.0 46.86 OK
r-devel-windows-ix86+x86_64 0.2.0 8.00 43.00 51.00 OK
r-patched-linux-x86_64 0.2.0 3.52 33.63 37.15 OK
r-patched-solaris-x86 0.2.0 65.10 OK
r-release-linux-x86_64 0.2.0 3.63 34.38 38.01 OK
r-release-macos-x86_64 0.2.0 OK
r-release-windows-ix86+x86_64 0.2.0 8.00 41.00 49.00 OK
r-oldrel-macos-x86_64 0.2.0 OK
r-oldrel-windows-ix86+x86_64 0.2.0 4.00 50.00 54.00 OK

Check Details

Version: 0.2.0
Check: whether package can be installed
Result: ERROR
    Installation failed.
Flavor: r-devel-linux-x86_64-debian-gcc