CRAN Package Check Results for Package hilbertSimilarity

Last updated on 2020-09-20 03:47:27 CEST.

Flavor Version Tinstall Tcheck Ttotal Status Flags
r-devel-linux-x86_64-debian-clang 0.4.3 20.13 184.15 204.28 OK
r-devel-linux-x86_64-debian-gcc 0.4.3 13.40 137.83 151.23 OK
r-devel-linux-x86_64-fedora-clang 0.4.3 269.45 OK
r-devel-linux-x86_64-fedora-gcc 0.4.3 250.10 OK
r-devel-windows-ix86+x86_64 0.4.3 44.00 211.00 255.00 OK
r-patched-linux-x86_64 0.4.3 14.41 184.76 199.17 OK
r-patched-solaris-x86 0.4.3 269.20 WARN
r-release-linux-x86_64 0.4.3 13.26 180.02 193.28 OK
r-release-macos-x86_64 0.4.3 OK
r-release-windows-ix86+x86_64 0.4.3 48.00 250.00 298.00 OK
r-oldrel-macos-x86_64 0.4.3 OK
r-oldrel-windows-ix86+x86_64 0.4.3 27.00 254.00 281.00 OK

Check Details

Version: 0.4.3
Check: whether package can be installed
Result: WARN
    Found the following significant warnings:
     mapping.cpp:95:58: warning: ISO C++ says that these are ambiguous, even though the worst conversion for the first is better than the worst conversion for the second:
Flavor: r-patched-solaris-x86