Last updated on 2023-06-07 04:04:01 CEST.
Flavor | Version | Tinstall | Tcheck | Ttotal | Status | Flags |
---|---|---|---|---|---|---|
r-devel-linux-x86_64-debian-clang | 0.9.0 | 42.49 | 186.78 | 229.27 | NOTE | |
r-devel-linux-x86_64-debian-gcc | 0.9.0 | 33.86 | 138.77 | 172.63 | NOTE | |
r-devel-linux-x86_64-fedora-clang | 0.9.0 | 281.78 | NOTE | |||
r-devel-linux-x86_64-fedora-gcc | 0.9.0 | 301.29 | NOTE | |||
r-devel-windows-x86_64 | 0.9.0 | 34.00 | 198.00 | 232.00 | NOTE | |
r-patched-linux-x86_64 | 0.9.0 | 36.18 | 174.67 | 210.85 | NOTE | |
r-release-linux-x86_64 | 0.9.0 | 31.71 | 192.09 | 223.80 | NOTE | |
r-release-macos-arm64 | 0.9.0 | 137.00 | NOTE | |||
r-release-macos-x86_64 | 0.9.0 | 180.00 | NOTE | |||
r-release-windows-x86_64 | 0.9.0 | 42.00 | 201.00 | 243.00 | NOTE | |
r-oldrel-macos-arm64 | 0.9.0 | 122.00 | OK | |||
r-oldrel-macos-x86_64 | 0.9.0 | 119.00 | OK | |||
r-oldrel-windows-x86_64 | 0.9.0 | 39.00 | 204.00 | 243.00 | OK |
Version: 0.9.0
Check: C++ specification
Result: NOTE
Specified C++11: please drop specification unless essential
Flavors: r-devel-linux-x86_64-debian-clang, r-devel-linux-x86_64-debian-gcc, r-devel-linux-x86_64-fedora-clang, r-devel-linux-x86_64-fedora-gcc, r-devel-windows-x86_64, r-patched-linux-x86_64, r-release-linux-x86_64, r-release-macos-arm64, r-release-macos-x86_64, r-release-windows-x86_64