CRAN Package Check Results for Package highriskzone

Last updated on 2020-11-24 15:52:09 CET.

Flavor Version Tinstall Tcheck Ttotal Status Flags
r-devel-linux-x86_64-debian-clang 1.4.5 15.87 117.98 133.85 NOTE
r-devel-linux-x86_64-debian-gcc 1.4.5 10.31 90.74 101.05 NOTE
r-devel-linux-x86_64-fedora-clang 1.4.5 169.29 OK
r-devel-linux-x86_64-fedora-gcc 1.4.5 156.17 OK
r-devel-windows-ix86+x86_64 1.4.5 28.00 162.00 190.00 OK
r-patched-linux-x86_64 1.4.5 13.36 114.18 127.54 NOTE
r-patched-solaris-x86 1.4.5 273.60 NOTE
r-release-linux-x86_64 1.4.5 13.51 111.79 125.30 NOTE
r-release-macos-x86_64 1.4.5 NOTE
r-release-windows-ix86+x86_64 1.4.5 22.00 128.00 150.00 OK
r-oldrel-macos-x86_64 1.4.5 NOTE
r-oldrel-windows-ix86+x86_64 1.4.5 18.00 118.00 136.00 OK

Check Details

Version: 1.4.5
Check: package dependencies
Result: NOTE
    Package suggested but not available for checking: 'INLA'
Flavors: r-devel-linux-x86_64-debian-clang, r-devel-linux-x86_64-debian-gcc, r-patched-linux-x86_64, r-patched-solaris-x86, r-release-linux-x86_64, r-release-macos-x86_64, r-oldrel-macos-x86_64