CRAN Package Check Results for Package hierNet

Last updated on 2024-06-20 03:51:36 CEST.

Flavor Version Tinstall Tcheck Ttotal Status Flags
r-devel-linux-x86_64-debian-clang 1.9 5.42 36.26 41.68 NOTE
r-devel-linux-x86_64-debian-gcc 1.9 4.17 29.52 33.69 NOTE
r-devel-linux-x86_64-fedora-clang 1.9 51.54 NOTE
r-devel-linux-x86_64-fedora-gcc 1.9 53.05 NOTE
r-devel-windows-x86_64 1.9 8.00 58.00 66.00 NOTE
r-patched-linux-x86_64 1.9 4.31 38.17 42.48 NOTE
r-release-linux-x86_64 1.9 5.24 37.38 42.62 NOTE
r-release-macos-arm64 1.9 22.00 NOTE
r-release-macos-x86_64 1.9 31.00 NOTE
r-release-windows-x86_64 1.9 7.00 58.00 65.00 NOTE
r-oldrel-macos-arm64 1.9 22.00 OK
r-oldrel-macos-x86_64 1.9 33.00 OK
r-oldrel-windows-x86_64 1.9 9.00 60.00 69.00 OK

Check Details

Version: 1.9
Check: Rd files
Result: NOTE checkRd: (-1) hierNet.Rd:28: Lost braces; missing escapes or markup? 28 | terms, th_{jj}X_j^2, in the model. Default TRUE.} | ^ checkRd: (-1) hierNet.logistic.Rd:30: Lost braces; missing escapes or markup? 30 | terms, th_{jj}X_j^2, in the model. Default TRUE.} | ^ checkRd: (-1) hierNet.logistic.Rd:63: Lost braces 63 | \seealso{\link{predict.hierNet.logistic},link{hierNet.logistic.path}} | ^ checkRd: (-1) hierNet.logistic.path.Rd:39: Lost braces; missing escapes or markup? 39 | terms, th_{jj}X_j^2, in the model. Default TRUE.} | ^ checkRd: (-1) hierNet.path.Rd:38: Lost braces; missing escapes or markup? 38 | terms, th_{jj}X_j^2, in the model. Default TRUE.} | ^ Flavors: r-devel-linux-x86_64-debian-clang, r-devel-linux-x86_64-debian-gcc, r-devel-linux-x86_64-fedora-clang, r-devel-linux-x86_64-fedora-gcc, r-devel-windows-x86_64, r-patched-linux-x86_64, r-release-linux-x86_64, r-release-macos-arm64, r-release-macos-x86_64, r-release-windows-x86_64