Last updated on 2022-06-30 15:51:42 CEST.
Flavor | Version | Tinstall | Tcheck | Ttotal | Status | Flags |
---|---|---|---|---|---|---|
r-devel-linux-x86_64-debian-clang | 1.0-6 | 7.87 | 52.09 | 59.96 | OK | |
r-devel-linux-x86_64-debian-gcc | 1.0-6 | 5.21 | 40.72 | 45.93 | OK | |
r-devel-linux-x86_64-fedora-clang | 1.0-6 | 80.94 | WARN | |||
r-devel-linux-x86_64-fedora-gcc | 1.0-6 | 80.05 | WARN | |||
r-devel-windows-x86_64 | 1.0-6 | 26.00 | 79.00 | 105.00 | OK | |
r-patched-linux-x86_64 | 1.0-6 | 7.32 | 50.59 | 57.91 | OK | |
r-release-linux-x86_64 | 1.0-6 | 5.64 | 51.01 | 56.65 | OK | |
r-release-macos-arm64 | 1.0-6 | 26.00 | OK | |||
r-release-macos-x86_64 | 1.0-6 | 36.00 | OK | |||
r-release-windows-x86_64 | 1.0-6 | 26.00 | 78.00 | 104.00 | OK | |
r-oldrel-macos-arm64 | 1.0-6 | 31.00 | OK | |||
r-oldrel-macos-x86_64 | 1.0-6 | 48.00 | OK | |||
r-oldrel-windows-ix86+x86_64 | 1.0-6 | 21.00 | 89.00 | 110.00 | OK |
Version: 1.0-6
Check: package dependencies
Result: WARN
Requires orphaned package: ‘gtools’
Flavors: r-devel-linux-x86_64-fedora-clang, r-devel-linux-x86_64-fedora-gcc