CRAN Package Check Results for Package hibayes

Last updated on 2022-09-30 04:59:10 CEST.

Flavor Version Tinstall Tcheck Ttotal Status Flags
r-devel-linux-x86_64-debian-clang 1.1.0 216.93 78.86 295.79 OK
r-devel-linux-x86_64-debian-gcc 1.1.0 186.53 60.24 246.77 OK
r-devel-linux-x86_64-fedora-clang 1.1.0 448.47 NOTE
r-devel-linux-x86_64-fedora-gcc 1.1.0 437.45 OK
r-devel-windows-x86_64 1.1.0 176.00 131.00 307.00 NOTE
r-patched-linux-x86_64 1.1.0 205.54 73.88 279.42 OK
r-release-linux-x86_64 1.1.0 180.53 73.49 254.02 OK
r-release-macos-arm64 1.1.0 123.00 NOTE
r-release-macos-x86_64 1.1.0 124.00 NOTE
r-release-windows-x86_64 1.1.0 164.00 123.00 287.00 NOTE
r-oldrel-macos-arm64 1.1.0 110.00 NOTE
r-oldrel-macos-x86_64 1.1.0 123.00 NOTE
r-oldrel-windows-ix86+x86_64 1.1.0 528.00 142.00 670.00 NOTE

Check Details

Version: 1.1.0
Check: installed package size
Result: NOTE
     installed size is 10.5Mb
     sub-directories of 1Mb or more:
     extdata 8.9Mb
     libs 1.4Mb
Flavors: r-devel-linux-x86_64-fedora-clang, r-devel-windows-x86_64, r-release-macos-arm64, r-release-macos-x86_64, r-release-windows-x86_64, r-oldrel-macos-arm64, r-oldrel-macos-x86_64, r-oldrel-windows-ix86+x86_64