CRAN Package Check Results for Package hhh4contacts

Last updated on 2020-11-28 03:52:37 CET.

Flavor Version Tinstall Tcheck Ttotal Status Flags
r-devel-linux-x86_64-debian-clang 0.13.1 13.20 96.56 109.76 OK
r-devel-linux-x86_64-debian-gcc 0.13.1 9.08 77.94 87.02 OK
r-devel-linux-x86_64-fedora-clang 0.13.1 136.99 NOTE
r-devel-linux-x86_64-fedora-gcc 0.13.1 126.44 OK
r-devel-windows-ix86+x86_64 0.13.1 23.00 94.00 117.00 OK
r-patched-linux-x86_64 0.13.1 10.75 92.97 103.72 OK
r-patched-solaris-x86 0.13.1 188.70 OK
r-release-linux-x86_64 0.13.1 12.33 92.88 105.21 OK
r-release-macos-x86_64 0.13.1 OK
r-release-windows-ix86+x86_64 0.13.1 25.00 95.00 120.00 OK
r-oldrel-macos-x86_64 0.13.1 OK
r-oldrel-windows-ix86+x86_64 0.13.1 17.00 107.00 124.00 OK

Check Details

Version: 0.13.1
Check: Rd cross-references
Result: NOTE
    Undeclared packages ‘sp’, ‘rgeos’ in Rd xrefs
Flavor: r-devel-linux-x86_64-fedora-clang