CRAN Package Check Results for Package hexSticker

Last updated on 2024-05-22 15:54:38 CEST.

Flavor Version Tinstall Tcheck Ttotal Status Flags
r-devel-linux-x86_64-debian-clang 0.4.9 8.16 58.79 66.95 NOTE
r-devel-linux-x86_64-debian-gcc 0.4.9 5.41 45.05 50.46 NOTE
r-devel-linux-x86_64-fedora-clang 0.4.9 88.36 NOTE
r-devel-linux-x86_64-fedora-gcc 0.4.9 78.54 NOTE
r-devel-windows-x86_64 0.4.9 9.00 64.00 73.00 NOTE
r-patched-linux-x86_64 0.4.9 6.54 58.56 65.10 NOTE
r-release-linux-x86_64 0.4.9 4.73 56.46 61.19 NOTE
r-release-macos-arm64 0.4.9 27.00 NOTE
r-release-windows-x86_64 0.4.9 8.00 64.00 72.00 NOTE
r-oldrel-macos-arm64 0.4.9 28.00 NOTE
r-oldrel-macos-x86_64 0.4.9 43.00 NOTE
r-oldrel-windows-x86_64 0.4.9 11.00 72.00 83.00 NOTE

Check Details

Version: 0.4.9
Check: LazyData
Result: NOTE 'LazyData' is specified without a 'data' directory Flavors: r-devel-linux-x86_64-debian-clang, r-devel-linux-x86_64-debian-gcc, r-devel-linux-x86_64-fedora-clang, r-devel-linux-x86_64-fedora-gcc, r-devel-windows-x86_64, r-patched-linux-x86_64, r-release-linux-x86_64, r-release-macos-arm64, r-release-windows-x86_64, r-oldrel-macos-arm64, r-oldrel-macos-x86_64, r-oldrel-windows-x86_64