Last updated on 2023-01-31 15:55:52 CET.
Flavor | Version | Tinstall | Tcheck | Ttotal | Status | Flags |
---|---|---|---|---|---|---|
r-devel-linux-x86_64-debian-clang | 0.2.7 | 56.68 | 113.45 | 170.13 | NOTE | |
r-devel-linux-x86_64-debian-gcc | 0.2.7 | 43.37 | 83.73 | 127.10 | NOTE | |
r-devel-linux-x86_64-fedora-clang | 0.2.7 | 220.98 | NOTE | |||
r-devel-linux-x86_64-fedora-gcc | 0.2.7 | 220.22 | NOTE | |||
r-devel-windows-x86_64 | 0.2.7 | 112.00 | 173.00 | 285.00 | NOTE | |
r-patched-linux-x86_64 | 0.2.7 | 46.48 | 108.77 | 155.25 | OK | |
r-release-linux-x86_64 | 0.2.7 | 38.55 | 107.55 | 146.10 | OK | |
r-release-macos-arm64 | 0.2.7 | 67.00 | OK | |||
r-release-macos-x86_64 | 0.2.7 | 81.00 | OK | |||
r-release-windows-x86_64 | 0.2.7 | 170.00 | 168.00 | 338.00 | OK | |
r-oldrel-macos-arm64 | 0.2.7 | 61.00 | OK | |||
r-oldrel-macos-x86_64 | 0.2.7 | 78.00 | OK | |||
r-oldrel-windows-ix86+x86_64 | 0.2.7 | 138.00 | 199.00 | 337.00 | OK |
Version: 0.2.7
Check: C++ specification
Result: NOTE
Specified C++11: please update to current default of C++17
Flavors: r-devel-linux-x86_64-debian-clang, r-devel-linux-x86_64-debian-gcc, r-devel-linux-x86_64-fedora-clang, r-devel-linux-x86_64-fedora-gcc, r-devel-windows-x86_64