CRAN Package Check Results for Package heplots

Last updated on 2020-09-29 03:48:23 CEST.

Flavor Version Tinstall Tcheck Ttotal Status Flags
r-devel-linux-x86_64-debian-clang 1.3-5 9.16 135.19 144.35 NOTE
r-devel-linux-x86_64-debian-gcc 1.3-5 7.88 97.40 105.28 NOTE
r-devel-linux-x86_64-fedora-clang 1.3-5 179.54 NOTE
r-devel-linux-x86_64-fedora-gcc 1.3-5 168.36 NOTE
r-devel-windows-ix86+x86_64 1.3-5 19.00 170.00 189.00 NOTE
r-patched-linux-x86_64 1.3-5 9.81 124.73 134.54 NOTE
r-patched-solaris-x86 1.3-5 197.60 NOTE
r-release-linux-x86_64 1.3-5 8.80 126.88 135.68 NOTE
r-release-macos-x86_64 1.3-5 NOTE
r-release-windows-ix86+x86_64 1.3-5 19.00 170.00 189.00 NOTE
r-oldrel-macos-x86_64 1.3-5 NOTE
r-oldrel-windows-ix86+x86_64 1.3-5 16.00 167.00 183.00 OK

Check Details

Version: 1.3-5
Check: package dependencies
Result: NOTE
    Package suggested but not available for checking: 'FRB'
Flavors: r-devel-linux-x86_64-debian-clang, r-devel-linux-x86_64-debian-gcc, r-devel-linux-x86_64-fedora-clang, r-devel-linux-x86_64-fedora-gcc, r-devel-windows-ix86+x86_64, r-patched-linux-x86_64, r-patched-solaris-x86, r-release-linux-x86_64, r-release-macos-x86_64, r-release-windows-ix86+x86_64

Version: 1.3-5
Check: Rd cross-references
Result: NOTE
    Undeclared packages ‘Sleuth2’, ‘rrcov’, ‘carData’, ‘qqtest’ in Rd xrefs
Flavor: r-devel-linux-x86_64-fedora-clang

Version: 1.3-5
Check: package dependencies
Result: NOTE
    Packages suggested but not available for checking: 'rgl', 'FRB'
Flavor: r-oldrel-macos-x86_64