CRAN Package Check Results for Package heplots

Last updated on 2024-06-13 03:49:20 CEST.

Flavor Version Tinstall Tcheck Ttotal Status Flags
r-devel-linux-x86_64-debian-clang 1.7.0 13.55 185.59 199.14 OK
r-devel-linux-x86_64-debian-gcc 1.7.0 0.90 1.92 2.82 ERROR
r-devel-linux-x86_64-fedora-clang 1.7.0 247.49 OK
r-devel-linux-x86_64-fedora-gcc 1.7.0 245.53 OK
r-devel-windows-x86_64 1.7.0 12.00 154.00 166.00 OK
r-patched-linux-x86_64 1.7.0 15.23 175.03 190.26 OK
r-release-linux-x86_64 1.7.0 11.59 175.80 187.39 OK
r-release-macos-arm64 1.7.0 71.00 OK
r-release-macos-x86_64 1.7.0 95.00 OK
r-release-windows-x86_64 1.7.0 13.00 161.00 174.00 OK
r-oldrel-macos-arm64 1.7.0 73.00 OK
r-oldrel-macos-x86_64 1.7.0 177.00 OK
r-oldrel-windows-x86_64 1.7.0 11.00 185.00 196.00 OK

Check Details

Version: 1.7.0
Check: package dependencies
Result: ERROR Packages required but not available: 'broom', 'car', 'purrr', 'tibble' Packages suggested but not available for checking: 'candisc', 'effects', 'reshape2', 'animation', 'mvinfluence', 'dplyr', 'tidyr', 'ggplot2', 'patchwork' See section ‘The DESCRIPTION file’ in the ‘Writing R Extensions’ manual. Flavor: r-devel-linux-x86_64-debian-gcc