CRAN Package Check Results for Package hdtg

Last updated on 2022-09-24 15:55:21 CEST.

Flavor Version Tinstall Tcheck Ttotal Status Flags
r-devel-linux-x86_64-debian-clang 0.2.0 55.33 38.22 93.55 OK
r-devel-linux-x86_64-debian-gcc 0.2.0 48.47 30.17 78.64 OK
r-devel-linux-x86_64-fedora-clang 0.2.0 139.36 OK
r-devel-linux-x86_64-fedora-gcc 0.2.0 153.42 OK
r-devel-windows-x86_64 0.2.0 55.00 86.00 141.00 OK
r-patched-linux-x86_64 0.2.0 45.30 37.03 82.33 OK
r-release-linux-x86_64 0.2.0 48.96 37.77 86.73 OK
r-release-macos-arm64 0.2.0 39.00 NOTE
r-release-macos-x86_64 0.2.0 52.00 NOTE
r-release-windows-x86_64 0.2.0 57.00 86.00 143.00 OK
r-oldrel-macos-arm64 0.2.0 39.00 NOTE
r-oldrel-macos-x86_64 0.2.0 55.00 NOTE
r-oldrel-windows-ix86+x86_64 0.2.0 129.00 89.00 218.00 OK

Check Details

Version: 0.2.0
Check: installed package size
Result: NOTE
     installed size is 10.2Mb
     sub-directories of 1Mb or more:
     libs 10.1Mb
Flavors: r-release-macos-arm64, r-release-macos-x86_64, r-oldrel-macos-arm64, r-oldrel-macos-x86_64