CRAN Package Check Results for Package hdlm

Last updated on 2020-09-22 03:49:25 CEST.

Flavor Version Tinstall Tcheck Ttotal Status Flags
r-devel-linux-x86_64-debian-clang 1.3.1 10.58 93.90 104.48 OK
r-devel-linux-x86_64-debian-gcc 1.3.1 0.33 2.00 2.33 ERROR
r-devel-linux-x86_64-fedora-clang 1.3.1 145.61 NOTE
r-devel-linux-x86_64-fedora-gcc 1.3.1 131.23 NOTE
r-devel-windows-ix86+x86_64 1.3.1 25.00 134.00 159.00 OK
r-patched-linux-x86_64 1.3.1 10.00 92.66 102.66 OK
r-patched-solaris-x86 1.3.1 184.50 OK
r-release-linux-x86_64 1.3.1 9.36 91.76 101.12 OK
r-release-macos-x86_64 1.3.1 OK
r-release-windows-ix86+x86_64 1.3.1 25.00 116.00 141.00 OK
r-oldrel-macos-x86_64 1.3.1 OK
r-oldrel-windows-ix86+x86_64 1.3.1 15.00 145.00 160.00 OK

Check Details

Version: 1.3.1
Check: whether package can be installed
Result: ERROR
    Installation failed.
Flavor: r-devel-linux-x86_64-debian-gcc

Version: 1.3.1
Check: compiled code
Result: NOTE
    File ‘hdlm/libs/hdlm.so’:
     Found no calls to: ‘R_registerRoutines’, ‘R_useDynamicSymbols’
    
    It is good practice to register native routines and to disable symbol
    search.
    
    See ‘Writing portable packages’ in the ‘Writing R Extensions’ manual.
Flavors: r-devel-linux-x86_64-fedora-clang, r-devel-linux-x86_64-fedora-gcc