CRAN Package Check Results for Package hcc

Last updated on 2021-09-19 03:51:06 CEST.

Flavor Version Tinstall Tcheck Ttotal Status Flags
r-devel-linux-x86_64-debian-clang 0.54 1.92 25.16 27.08 NOTE
r-devel-linux-x86_64-debian-gcc 0.54 1.60 20.01 21.61 NOTE
r-devel-linux-x86_64-fedora-clang 0.54 42.40 NOTE
r-devel-linux-x86_64-fedora-gcc 0.54 32.48 NOTE
r-devel-windows-x86_64 0.54 3.00 42.00 45.00 NOTE
r-devel-windows-x86_64-gcc10-UCRT 0.54 ERROR
r-patched-linux-x86_64 0.54 1.85 24.51 26.36 NOTE
r-patched-solaris-x86 0.54 49.70 NOTE
r-release-linux-x86_64 0.54 1.77 24.51 26.28 NOTE
r-release-macos-arm64 0.54 NOTE
r-release-macos-x86_64 0.54 NOTE
r-release-windows-ix86+x86_64 0.54 5.00 31.00 36.00 NOTE
r-oldrel-macos-x86_64 0.54 NOTE
r-oldrel-windows-ix86+x86_64 0.54 4.00 32.00 36.00 NOTE

Check Details

Version: 0.54
Check: R code for possible problems
Result: NOTE
    PoincarePlot: no visible global function definition for 'lines'
    PoincarePlot: no visible global function definition for 'lowess'
    hctest: no visible global function definition for 'cor.test'
    rdplot: no visible global function definition for 'lines'
    rdplot: no visible global function definition for 'lowess'
    rdplot: no visible global function definition for 'rgb'
    simer: no visible global function definition for 'runif'
    simer: no visible global function definition for 'rnorm'
    Undefined global functions or variables:
     cor.test lines lowess rgb rnorm runif
    Consider adding
     importFrom("grDevices", "rgb")
     importFrom("graphics", "lines")
     importFrom("stats", "cor.test", "lowess", "rnorm", "runif")
    to your NAMESPACE file.
Flavors: r-devel-linux-x86_64-debian-clang, r-devel-linux-x86_64-debian-gcc, r-devel-linux-x86_64-fedora-clang, r-devel-linux-x86_64-fedora-gcc, r-devel-windows-x86_64, r-devel-windows-x86_64-gcc10-UCRT, r-patched-linux-x86_64, r-patched-solaris-x86, r-release-linux-x86_64, r-release-macos-arm64, r-release-macos-x86_64, r-release-windows-ix86+x86_64, r-oldrel-macos-x86_64, r-oldrel-windows-ix86+x86_64

Version: 0.54
Check: whether package can be installed
Result: WARN
    Found the following significant warnings:
     WARNING: installation-time patches will not be applied, could not get the patches index
Flavor: r-devel-windows-x86_64-gcc10-UCRT

Version: 0.54
Check: PDF version of manual
Result: WARN
    LaTeX errors when creating PDF version.
    This typically indicates Rd problems.
Flavor: r-devel-windows-x86_64-gcc10-UCRT

Version: 0.54
Check: PDF version of manual without hyperrefs or index
Result: ERROR
    Re-running with no redirection of stdout/stderr.
Flavor: r-devel-windows-x86_64-gcc10-UCRT