CRAN Package Check Results for Package hawkesbow

Last updated on 2022-09-27 03:55:53 CEST.

Flavor Version Tinstall Tcheck Ttotal Status Flags
r-devel-linux-x86_64-debian-clang 1.0.2 150.34 103.63 253.97 OK
r-devel-linux-x86_64-debian-gcc 1.0.2 117.73 77.10 194.83 OK
r-devel-linux-x86_64-fedora-clang 1.0.2 383.77 OK
r-devel-linux-x86_64-fedora-gcc 1.0.2 399.81 OK
r-devel-windows-x86_64 1.0.2 123.00 158.00 281.00 OK
r-patched-linux-x86_64 1.0.2 91.42 101.62 193.04 OK
r-release-linux-x86_64 1.0.2 94.82 102.14 196.96 OK
r-release-macos-arm64 1.0.2 80.00 NOTE
r-release-macos-x86_64 1.0.2 128.00 NOTE
r-release-windows-x86_64 1.0.2 124.00 162.00 286.00 OK
r-oldrel-macos-arm64 1.0.2 83.00 NOTE
r-oldrel-macos-x86_64 1.0.2 194.00 NOTE
r-oldrel-windows-ix86+x86_64 1.0.2 355.00 249.00 604.00 OK

Check Details

Version: 1.0.2
Check: installed package size
Result: NOTE
     installed size is 11.9Mb
     sub-directories of 1Mb or more:
     libs 11.4Mb
Flavors: r-release-macos-arm64, r-release-macos-x86_64, r-oldrel-macos-arm64, r-oldrel-macos-x86_64