CRAN Package Check Results for Package haven

Last updated on 2020-09-25 15:48:44 CEST.

Flavor Version Tinstall Tcheck Ttotal Status Flags
r-devel-linux-x86_64-debian-clang 2.3.1 55.10 50.63 105.73 NOTE
r-devel-linux-x86_64-debian-gcc 2.3.1 43.58 39.15 82.73 NOTE
r-devel-linux-x86_64-fedora-clang 2.3.1 150.24 NOTE
r-devel-linux-x86_64-fedora-gcc 2.3.1 131.35 NOTE
r-devel-windows-ix86+x86_64 2.3.1 153.00 113.00 266.00 NOTE
r-patched-linux-x86_64 2.3.1 43.92 48.01 91.93 NOTE
r-patched-solaris-x86 2.3.1 137.00 NOTE
r-release-linux-x86_64 2.3.1 43.39 47.64 91.03 NOTE
r-release-macos-x86_64 2.3.1 NOTE
r-release-windows-ix86+x86_64 2.3.1 141.00 112.00 253.00 NOTE
r-oldrel-macos-x86_64 2.3.1 NOTE
r-oldrel-windows-ix86+x86_64 2.3.1 139.00 99.00 238.00 NOTE

Check Details

Version: 2.3.1
Check: for GNU extensions in Makefiles
Result: NOTE
    GNU make is a SystemRequirements.
Flavors: r-devel-linux-x86_64-debian-clang, r-devel-linux-x86_64-debian-gcc, r-devel-linux-x86_64-fedora-clang, r-devel-linux-x86_64-fedora-gcc, r-devel-windows-ix86+x86_64, r-patched-linux-x86_64, r-patched-solaris-x86, r-release-linux-x86_64, r-release-macos-x86_64, r-release-windows-ix86+x86_64, r-oldrel-macos-x86_64, r-oldrel-windows-ix86+x86_64

Version: 2.3.1
Check: Rd cross-references
Result: NOTE
    Undeclared package ‘dplyr’ in Rd xrefs
Flavor: r-devel-linux-x86_64-fedora-clang