CRAN Package Check Results for Package harrietr

Last updated on 2020-09-24 15:48:30 CEST.

Flavor Version Tinstall Tcheck Ttotal Status Flags
r-devel-linux-x86_64-debian-clang 0.2.3 7.44 50.74 58.18 OK
r-devel-linux-x86_64-debian-gcc 0.2.3 5.35 40.20 45.55 OK
r-devel-linux-x86_64-fedora-clang 0.2.3 78.27 OK
r-devel-linux-x86_64-fedora-gcc 0.2.3 68.60 OK
r-devel-windows-ix86+x86_64 0.2.3 16.00 69.00 85.00 OK
r-patched-linux-x86_64 0.2.3 4.40 47.26 51.66 OK
r-patched-solaris-x86 0.2.3 93.80 OK
r-release-linux-x86_64 0.2.3 5.03 48.33 53.36 OK
r-release-macos-x86_64 0.2.3 ERROR
r-release-windows-ix86+x86_64 0.2.3 30.00 72.00 102.00 OK
r-oldrel-macos-x86_64 0.2.3 OK
r-oldrel-windows-ix86+x86_64 0.2.3 10.00 65.00 75.00 OK

Check Details

Version: 0.2.3
Check: package dependencies
Result: ERROR
    Package required but not available: ‘ggtree’
    
    See section ‘The DESCRIPTION file’ in the ‘Writing R Extensions’
    manual.
Flavor: r-release-macos-x86_64