Last updated on 2022-06-30 15:51:42 CEST.
Flavor | Version | Tinstall | Tcheck | Ttotal | Status | Flags |
---|---|---|---|---|---|---|
r-devel-linux-x86_64-debian-clang | 1.8.9 | 24.23 | 262.51 | 286.74 | NOTE | |
r-devel-linux-x86_64-debian-gcc | 1.8.9 | 19.38 | 208.18 | 227.56 | NOTE | |
r-devel-linux-x86_64-fedora-clang | 1.8.9 | 361.14 | NOTE | |||
r-devel-linux-x86_64-fedora-gcc | 1.8.9 | 354.44 | NOTE | |||
r-devel-windows-x86_64 | 1.8.9 | 167.00 | 348.00 | 515.00 | NOTE | |
r-patched-linux-x86_64 | 1.8.9 | 21.96 | 253.20 | 275.16 | OK | |
r-release-linux-x86_64 | 1.8.9 | 17.57 | 250.51 | 268.08 | OK | |
r-release-macos-arm64 | 1.8.9 | 97.00 | OK | |||
r-release-macos-x86_64 | 1.8.9 | 135.00 | OK | |||
r-release-windows-x86_64 | 1.8.9 | 104.00 | 363.00 | 467.00 | OK | |
r-oldrel-macos-arm64 | 1.8.9 | 101.00 | OK | |||
r-oldrel-macos-x86_64 | 1.8.9 | 130.00 | OK | |||
r-oldrel-windows-ix86+x86_64 | 1.8.9 | 50.00 | 461.00 | 511.00 | OK |
Version: 1.8.9
Check: Rd files
Result: NOTE
checkRd: (-1) haplo.design.Rd:33: Escaped LaTeX specials: \$
checkRd: (-1) haplo.design.Rd:42: Escaped LaTeX specials: \$
checkRd: (-1) haplo.glm.Rd:176: Escaped LaTeX specials: \$ \$ \$
checkRd: (-1) haplo.glm.Rd:178: Escaped LaTeX specials: \$ \$ \$
checkRd: (-1) haplo.glm.Rd:283: Escaped LaTeX specials: \$ \$
checkRd: (-1) haplo.glm.Rd:292: Escaped LaTeX specials: \$ \$
checkRd: (-1) haplo.glm.Rd:324: Escaped LaTeX specials: \$ \$
Flavors: r-devel-linux-x86_64-debian-clang, r-devel-linux-x86_64-debian-gcc, r-devel-linux-x86_64-fedora-clang, r-devel-linux-x86_64-fedora-gcc, r-devel-windows-x86_64