CRAN Package Check Results for Package hagis

Last updated on 2021-09-19 03:51:06 CEST.

Flavor Version Tinstall Tcheck Ttotal Status Flags
r-devel-linux-x86_64-debian-clang 3.1.1 5.57 78.79 84.36 OK
r-devel-linux-x86_64-debian-gcc 3.1.1 3.92 57.78 61.70 OK
r-devel-linux-x86_64-fedora-clang 3.1.1 107.51 OK
r-devel-linux-x86_64-fedora-gcc 3.1.1 94.42 OK
r-devel-windows-x86_64 3.1.1 10.00 106.00 116.00 OK
r-devel-windows-x86_64-gcc10-UCRT 3.1.1 ERROR
r-patched-linux-x86_64 3.1.1 9.33 73.44 82.77 OK
r-patched-solaris-x86 3.1.1 133.40 OK
r-release-linux-x86_64 3.1.1 4.82 73.17 77.99 OK
r-release-macos-arm64 3.1.1 OK
r-release-macos-x86_64 3.1.1 OK
r-release-windows-ix86+x86_64 3.1.1 15.00 77.00 92.00 OK
r-oldrel-macos-x86_64 3.1.1 OK
r-oldrel-windows-ix86+x86_64 3.1.1 16.00 78.00 94.00 OK

Check Details

Version: 3.1.1
Check: whether package can be installed
Result: WARN
    Found the following significant warnings:
     WARNING: installation-time patches will not be applied, could not get the patches index
Flavor: r-devel-windows-x86_64-gcc10-UCRT

Version: 3.1.1
Check: PDF version of manual
Result: WARN
    LaTeX errors when creating PDF version.
    This typically indicates Rd problems.
Flavor: r-devel-windows-x86_64-gcc10-UCRT

Version: 3.1.1
Check: PDF version of manual without hyperrefs or index
Result: ERROR
    Re-running with no redirection of stdout/stderr.
Flavor: r-devel-windows-x86_64-gcc10-UCRT