CRAN Package Check Results for Package hSDM

Last updated on 2023-02-08 15:52:43 CET.

Flavor Version Tinstall Tcheck Ttotal Status Flags
r-devel-linux-x86_64-debian-clang 1.4.1 23.05 147.55 170.60 WARN
r-devel-linux-x86_64-debian-gcc 1.4.1 15.66 109.65 125.31 WARN
r-devel-linux-x86_64-fedora-clang 1.4.1 209.14 WARN
r-devel-linux-x86_64-fedora-gcc 1.4.1 214.84 WARN
r-devel-windows-x86_64 1.4.1 94.00 255.00 349.00 OK
r-patched-linux-x86_64 1.4.1 16.47 143.63 160.10 OK
r-release-linux-x86_64 1.4.1 16.51 138.38 154.89 OK
r-release-macos-arm64 1.4.1 67.00 OK
r-release-macos-x86_64 1.4.1 95.00 OK
r-release-windows-x86_64 1.4.1 53.00 268.00 321.00 OK
r-oldrel-macos-arm64 1.4.1 68.00 OK
r-oldrel-macos-x86_64 1.4.1 139.00 OK
r-oldrel-windows-ix86+x86_64 1.4.1 48.00 252.00 300.00 OK

Check Details

Version: 1.4.1
Check: whether package can be installed
Result: WARN
    Found the following significant warnings:
     ./useful.h:6:15: warning: a function declaration without a prototype is deprecated in all versions of C [-Wstrict-prototypes]
    See ‘/home/hornik/tmp/R.check/r-devel-clang/Work/PKGS/hSDM.Rcheck/00install.out’ for details.
    * used C compiler: ‘Debian clang version 15.0.6’
Flavor: r-devel-linux-x86_64-debian-clang

Version: 1.4.1
Check: whether package can be installed
Result: WARN
    Found the following significant warnings:
     useful.h:6:1: warning: function declaration isn’t a prototype [-Wstrict-prototypes]
    See ‘/home/hornik/tmp/R.check/r-devel-gcc/Work/PKGS/hSDM.Rcheck/00install.out’ for details.
    * used C compiler: ‘gcc-12 (Debian 12.2.0-14) 12.2.0’
Flavor: r-devel-linux-x86_64-debian-gcc

Version: 1.4.1
Check: whether package can be installed
Result: WARN
    Found the following significant warnings:
     ./useful.h:6:15: warning: a function declaration without a prototype is deprecated in all versions of C [-Wstrict-prototypes]
    See ‘/data/gannet/ripley/R/packages/tests-clang/hSDM.Rcheck/00install.out’ for details.
    * used C compiler: ‘clang version 15.0.7’
Flavor: r-devel-linux-x86_64-fedora-clang

Version: 1.4.1
Check: whether package can be installed
Result: WARN
    Found the following significant warnings:
     useful.h:6:1: warning: function declaration isn’t a prototype [-Wstrict-prototypes]
    See ‘/data/gannet/ripley/R/packages/tests-devel/hSDM.Rcheck/00install.out’ for details.
    * used C compiler: ‘gcc (GCC) 12.2.1 20221121 (Red Hat 12.2.1-4)’
Flavor: r-devel-linux-x86_64-fedora-gcc