CRAN Package Check Results for Package gym

Last updated on 2024-06-22 03:49:32 CEST.

Flavor Version Tinstall Tcheck Ttotal Status Flags
r-devel-linux-x86_64-debian-clang 0.1.0 2.40 22.69 25.09 NOTE
r-devel-linux-x86_64-debian-gcc 0.1.0 1.88 17.51 19.39 NOTE
r-devel-linux-x86_64-fedora-clang 0.1.0 31.08 NOTE
r-devel-linux-x86_64-fedora-gcc 0.1.0 29.09 NOTE
r-devel-windows-x86_64 0.1.0 3.00 41.00 44.00 NOTE
r-patched-linux-x86_64 0.1.0 2.62 21.65 24.27 NOTE
r-release-linux-x86_64 0.1.0 2.40 21.26 23.66 NOTE
r-release-macos-arm64 0.1.0 16.00 NOTE
r-release-macos-x86_64 0.1.0 21.00 NOTE
r-release-windows-x86_64 0.1.0 4.00 42.00 46.00 NOTE
r-oldrel-macos-arm64 0.1.0 16.00 NOTE
r-oldrel-macos-x86_64 0.1.0 18.00 NOTE
r-oldrel-windows-x86_64 0.1.0 4.00 44.00 48.00 NOTE

Check Details

Version: 0.1.0
Check: LazyData
Result: NOTE 'LazyData' is specified without a 'data' directory Flavors: r-devel-linux-x86_64-debian-clang, r-devel-linux-x86_64-debian-gcc, r-devel-linux-x86_64-fedora-clang, r-devel-linux-x86_64-fedora-gcc, r-devel-windows-x86_64, r-patched-linux-x86_64, r-release-linux-x86_64, r-release-macos-arm64, r-release-macos-x86_64, r-release-windows-x86_64, r-oldrel-macos-arm64, r-oldrel-macos-x86_64, r-oldrel-windows-x86_64