CRAN Package Check Results for Package gwid

Last updated on 2024-06-14 03:57:21 CEST.

Flavor Version Tinstall Tcheck Ttotal Status Flags
r-devel-linux-x86_64-debian-clang 0.2.0 19.47 275.03 294.50 OK
r-devel-linux-x86_64-debian-gcc 0.2.0 0.57 1.87 2.44 ERROR
r-devel-linux-x86_64-fedora-clang 0.2.0 400.12 OK
r-devel-linux-x86_64-fedora-gcc 0.2.0 386.31 OK
r-devel-windows-x86_64 0.2.0 15.00 280.00 295.00 OK
r-patched-linux-x86_64 0.2.0 15.17 279.67 294.84 OK
r-release-linux-x86_64 0.1.0 7.26 80.58 87.84 OK
r-release-macos-arm64 0.2.0 142.00 OK
r-release-macos-x86_64 0.2.0 348.00 OK
r-release-windows-x86_64 0.1.0 10.00 88.00 98.00 OK
r-oldrel-macos-arm64 152.00 ERROR
r-oldrel-macos-x86_64 0.2.0 277.00 ERROR
r-oldrel-windows-x86_64 0.2.0 20.00 318.00 338.00 OK

Check Details

Version: 0.2.0
Check: package dependencies
Result: ERROR Packages required but not available: 'ggplot2', 'plotly', 'piggyback' Package suggested but not available for checking: ‘testthat’ See section ‘The DESCRIPTION file’ in the ‘Writing R Extensions’ manual. Flavor: r-devel-linux-x86_64-debian-gcc

Version: 0.2.0
Check: running R code from vignettes
Result: ERROR Errors in running code in vignettes: when running code in ‘my-vignette.Rmd’ ... The following objects are masked from ‘package:base’: print, subset > knitr::include_graphics("../man/figures/final-copy-arrow.png") When sourcing ‘my-vignette.R’: Error: Cannot find the file(s): "../man/figures/final-copy-arrow.png" Execution halted ‘my-vignette.Rmd’ using ‘UTF-8’... failed Flavors: r-oldrel-macos-arm64, r-oldrel-macos-x86_64