CRAN Package Check Results for Package gumbel

Last updated on 2024-07-24 15:51:38 CEST.

Flavor Version Tinstall Tcheck Ttotal Status Flags
r-devel-linux-x86_64-debian-clang 1.10-2 2.11 34.50 36.61 NOTE
r-devel-linux-x86_64-debian-gcc 1.10-2 1.86 26.91 28.77 NOTE
r-devel-linux-x86_64-fedora-clang 1.10-2 48.03 NOTE
r-devel-linux-x86_64-fedora-gcc 1.10-2 57.89 NOTE
r-devel-windows-x86_64 1.10-2 3.00 63.00 66.00 NOTE
r-patched-linux-x86_64 1.10-2 2.58 33.98 36.56 NOTE
r-release-linux-x86_64 1.10-2 1.89 33.33 35.22 NOTE
r-release-macos-arm64 1.10-2 25.00 NOTE
r-release-macos-x86_64 1.10-2 39.00 NOTE
r-release-windows-x86_64 1.10-2 4.00 60.00 64.00 NOTE
r-oldrel-macos-arm64 1.10-2 28.00 OK
r-oldrel-macos-x86_64 1.10-2 45.00 OK
r-oldrel-windows-x86_64 1.10-2 3.00 58.00 61.00 OK

Check Details

Version: 1.10-2
Check: Rd files
Result: NOTE checkRd: (-1) gumbel.Rd:65: Lost braces in \itemize; meant \describe ? checkRd: (-1) gumbel.Rd:66: Lost braces in \itemize; meant \describe ? checkRd: (-1) gumbel.Rd:67: Lost braces in \itemize; meant \describe ? checkRd: (-1) gumbel.Rd:73: Lost braces in \itemize; meant \describe ? checkRd: (-1) gumbel.Rd:74: Lost braces in \itemize; meant \describe ? checkRd: (-1) gumbel.Rd:75: Lost braces in \itemize; meant \describe ? Flavors: r-devel-linux-x86_64-debian-clang, r-devel-linux-x86_64-debian-gcc, r-devel-linux-x86_64-fedora-clang, r-devel-linux-x86_64-fedora-gcc, r-devel-windows-x86_64, r-patched-linux-x86_64, r-release-linux-x86_64, r-release-macos-arm64, r-release-macos-x86_64, r-release-windows-x86_64