Last updated on 2023-03-26 15:52:34 CEST.
Flavor | Version | Tinstall | Tcheck | Ttotal | Status | Flags |
---|---|---|---|---|---|---|
r-devel-linux-x86_64-debian-clang | 1.5.1 | 6.90 | 55.25 | 62.15 | OK | |
r-devel-linux-x86_64-debian-gcc | 1.5.1 | 6.50 | 41.92 | 48.42 | OK | |
r-devel-linux-x86_64-fedora-clang | 1.5.1 | 79.35 | NOTE | |||
r-devel-linux-x86_64-fedora-gcc | 1.5.1 | 76.12 | NOTE | |||
r-patched-linux-x86_64 | 1.5.1 | 7.73 | 55.13 | 62.86 | OK | |
r-release-linux-x86_64 | 1.5.1 | 8.40 | 52.31 | 60.71 | OK | |
r-release-macos-arm64 | 1.5.1 | 34.00 | NOTE | |||
r-release-macos-x86_64 | 1.5.1 | 42.00 | NOTE | |||
r-release-windows-x86_64 | 1.5.1 | 18.00 | 86.00 | 104.00 | OK | |
r-oldrel-macos-arm64 | 1.5.1 | 33.00 | NOTE | |||
r-oldrel-macos-x86_64 | 1.5.1 | 38.00 | NOTE | |||
r-oldrel-windows-ix86+x86_64 | 1.5.1 | 18.00 | 81.00 | 99.00 | NOTE |
Version: 1.5.1
Check: data for non-ASCII characters
Result: NOTE
Note: found 269 marked UTF-8 strings
Flavors: r-devel-linux-x86_64-fedora-clang, r-devel-linux-x86_64-fedora-gcc, r-release-macos-arm64, r-release-macos-x86_64, r-oldrel-macos-arm64, r-oldrel-macos-x86_64
Version: 1.5.1
Check: dependencies in R code
Result: NOTE
Initiating curl with CURL_SSL_BACKEND: openssl
Flavor: r-oldrel-windows-ix86+x86_64