CRAN Package Check Results for Package gtfsrouter

Last updated on 2020-09-20 03:47:27 CEST.

Flavor Version Tinstall Tcheck Ttotal Status Flags
r-devel-linux-x86_64-debian-clang 0.0.3 49.85 112.79 162.64 OK
r-devel-linux-x86_64-debian-gcc 0.0.3 40.00 77.34 117.34 OK
r-devel-linux-x86_64-fedora-clang 0.0.3 201.75 NOTE
r-devel-linux-x86_64-fedora-gcc 0.0.3 174.58 OK
r-devel-windows-ix86+x86_64 0.0.3 120.00 147.00 267.00 OK
r-patched-linux-x86_64 0.0.3 41.10 91.30 132.40 OK
r-patched-solaris-x86 0.0.3 192.00 OK
r-release-linux-x86_64 0.0.3 41.26 93.14 134.40 OK
r-release-macos-x86_64 0.0.3 OK
r-release-windows-ix86+x86_64 0.0.3 119.00 175.00 294.00 OK
r-oldrel-macos-x86_64 0.0.3 OK
r-oldrel-windows-ix86+x86_64 0.0.3 80.00 138.00 218.00 OK

Check Details

Version: 0.0.3
Check: installed package size
Result: NOTE
     installed size is 5.8Mb
     sub-directories of 1Mb or more:
     doc 2.1Mb
     libs 3.2Mb
Flavor: r-devel-linux-x86_64-fedora-clang