Last updated on 2023-02-03 15:54:17 CET.
Flavor | Version | Tinstall | Tcheck | Ttotal | Status | Flags |
---|---|---|---|---|---|---|
r-devel-linux-x86_64-debian-clang | 0.8.0 | 21.14 | 294.69 | 315.83 | OK | |
r-devel-linux-x86_64-debian-gcc | 0.8.0 | 19.73 | 216.27 | 236.00 | OK | |
r-devel-linux-x86_64-fedora-clang | 0.8.0 | 371.93 | NOTE | |||
r-devel-linux-x86_64-fedora-gcc | 0.8.0 | 391.50 | NOTE | |||
r-devel-windows-x86_64 | 0.8.0 | 37.00 | 298.00 | 335.00 | OK | |
r-patched-linux-x86_64 | 0.8.0 | 32.99 | 247.89 | 280.88 | OK | |
r-release-linux-x86_64 | 0.8.0 | 23.94 | 257.19 | 281.13 | OK | |
r-release-macos-arm64 | 0.8.0 | 117.00 | NOTE | |||
r-release-macos-x86_64 | 0.8.0 | 103.00 | NOTE | |||
r-release-windows-x86_64 | 0.8.0 | 191.00 | 260.00 | 451.00 | OK | |
r-oldrel-macos-arm64 | 0.8.0 | 99.00 | NOTE | |||
r-oldrel-macos-x86_64 | 0.8.0 | 106.00 | NOTE | |||
r-oldrel-windows-ix86+x86_64 | 0.8.0 | 41.00 | 237.00 | 278.00 | OK |
Version: 0.8.0
Check: data for non-ASCII characters
Result: NOTE
Note: found 116 marked UTF-8 strings
Flavors: r-devel-linux-x86_64-fedora-clang, r-devel-linux-x86_64-fedora-gcc, r-release-macos-arm64, r-release-macos-x86_64, r-oldrel-macos-arm64, r-oldrel-macos-x86_64