CRAN Package Check Results for Package gstat

Last updated on 2020-09-30 15:47:59 CEST.

Flavor Version Tinstall Tcheck Ttotal Status Flags
r-devel-linux-x86_64-debian-clang 2.0-6 22.22 197.59 219.81 OK
r-devel-linux-x86_64-debian-gcc 2.0-6 16.31 150.80 167.11 OK
r-devel-linux-x86_64-fedora-clang 2.0-6 271.86 OK
r-devel-linux-x86_64-fedora-gcc 2.0-6 267.46 OK
r-devel-windows-ix86+x86_64 2.0-6 59.00 338.00 397.00 OK
r-patched-linux-x86_64 2.0-6 22.15 188.56 210.71 OK
r-patched-solaris-x86 2.0-6 409.00 OK
r-release-linux-x86_64 2.0-6 21.21 188.78 209.99 OK
r-release-macos-x86_64 2.0-6 NOTE
r-release-windows-ix86+x86_64 2.0-6 62.00 365.00 427.00 OK
r-oldrel-macos-x86_64 2.0-6 OK
r-oldrel-windows-ix86+x86_64 2.0-6 65.00 346.00 411.00 OK

Check Details

Version: 2.0-6
Check: package dependencies
Result: NOTE
    Package suggested but not available for checking: ‘fields’
Flavor: r-release-macos-x86_64