CRAN Package Check Results for Package gstar

Last updated on 2020-09-22 03:49:24 CEST.

Flavor Version Tinstall Tcheck Ttotal Status Flags
r-devel-linux-x86_64-debian-clang 0.1.0 4.87 44.70 49.57 OK
r-devel-linux-x86_64-debian-gcc 0.1.0 0.25 1.89 2.14 ERROR
r-devel-linux-x86_64-fedora-clang 0.1.0 71.01 NOTE
r-devel-linux-x86_64-fedora-gcc 0.1.0 58.90 NOTE
r-devel-windows-ix86+x86_64 0.1.0 14.00 56.00 70.00 OK
r-patched-linux-x86_64 0.1.0 4.24 42.80 47.04 OK
r-patched-solaris-x86 0.1.0 85.10 NOTE
r-release-linux-x86_64 0.1.0 4.97 43.86 48.83 OK
r-release-macos-x86_64 0.1.0 NOTE
r-release-windows-ix86+x86_64 0.1.0 11.00 69.00 80.00 OK
r-oldrel-macos-x86_64 0.1.0 NOTE
r-oldrel-windows-ix86+x86_64 0.1.0 7.00 63.00 70.00 OK

Check Details

Version: 0.1.0
Check: whether package can be installed
Result: ERROR
    Installation failed.
Flavor: r-devel-linux-x86_64-debian-gcc

Version: 0.1.0
Check: dependencies in R code
Result: NOTE
    Namespace in Imports field not imported from: ‘dplyr’
     All declared Imports should be used.
Flavors: r-devel-linux-x86_64-fedora-clang, r-devel-linux-x86_64-fedora-gcc, r-patched-solaris-x86, r-release-macos-x86_64, r-oldrel-macos-x86_64