CRAN Package Check Results for Package gstar

Last updated on 2020-11-23 15:47:38 CET.

Flavor Version Tinstall Tcheck Ttotal Status Flags
r-devel-linux-x86_64-debian-clang 0.1.0 8.24 47.10 55.34 OK
r-devel-linux-x86_64-debian-gcc 0.1.0 4.68 35.09 39.77 OK
r-devel-linux-x86_64-fedora-clang 0.1.0 68.89 NOTE
r-devel-linux-x86_64-fedora-gcc 0.1.0 57.62 NOTE
r-devel-windows-ix86+x86_64 0.1.0 10.00 49.00 59.00 OK
r-patched-linux-x86_64 0.1.0 6.06 47.23 53.29 OK
r-patched-solaris-x86 0.1.0 85.20 NOTE
r-release-linux-x86_64 0.1.0 6.50 43.96 50.46 OK
r-release-macos-x86_64 0.1.0 NOTE
r-release-windows-ix86+x86_64 0.1.0 9.00 48.00 57.00 OK
r-oldrel-macos-x86_64 0.1.0 NOTE
r-oldrel-windows-ix86+x86_64 0.1.0 6.00 53.00 59.00 OK

Check Details

Version: 0.1.0
Check: dependencies in R code
Result: NOTE
    Namespace in Imports field not imported from: ‘dplyr’
     All declared Imports should be used.
Flavors: r-devel-linux-x86_64-fedora-clang, r-devel-linux-x86_64-fedora-gcc, r-patched-solaris-x86, r-release-macos-x86_64, r-oldrel-macos-x86_64