CRAN Package Check Results for Package groupedSurv

Last updated on 2022-10-07 03:55:55 CEST.

Flavor Version Tinstall Tcheck Ttotal Status Flags
r-devel-linux-x86_64-debian-clang 1.0.4.3 108.74 70.48 179.22 OK
r-devel-linux-x86_64-debian-gcc 1.0.4.3 77.81 53.93 131.74 NOTE
r-devel-linux-x86_64-fedora-clang 1.0.4.3 274.42 OK
r-devel-linux-x86_64-fedora-gcc 1.0.4.3 228.19 OK
r-devel-windows-x86_64 1.0.4.3 89.00 142.00 231.00 OK
r-patched-linux-x86_64 1.0.4.3 81.41 66.79 148.20 OK
r-release-linux-x86_64 1.0.4.3 82.68 68.06 150.74 OK
r-release-macos-arm64 1.0.4.3 64.00 NOTE
r-release-macos-x86_64 1.0.4.3 85.00 NOTE
r-release-windows-x86_64 1.0.4.3 100.00 139.00 239.00 OK
r-oldrel-macos-arm64 1.0.4.3 62.00 NOTE
r-oldrel-macos-x86_64 1.0.4.3 82.00 NOTE
r-oldrel-windows-ix86+x86_64 1.0.4.3 249.00 131.00 380.00 OK

Check Details

Version: 1.0.4.3
Check: compilation flags used
Result: NOTE
    Compilation used the following non-portable flag(s):
     ‘-Wstrict-prototypes’
Flavor: r-devel-linux-x86_64-debian-gcc

Version: 1.0.4.3
Check: installed package size
Result: NOTE
     installed size is 9.4Mb
     sub-directories of 1Mb or more:
     libs 8.9Mb
Flavors: r-release-macos-arm64, r-release-macos-x86_64, r-oldrel-macos-arm64, r-oldrel-macos-x86_64