Last updated on 2022-06-30 03:53:24 CEST.
Flavor | Version | Tinstall | Tcheck | Ttotal | Status | Flags |
---|---|---|---|---|---|---|
r-devel-linux-x86_64-debian-clang | 0.0.3 | 3.43 | 110.05 | 113.48 | OK | |
r-devel-linux-x86_64-debian-gcc | 0.0.3 | 2.48 | 78.56 | 81.04 | OK | |
r-devel-linux-x86_64-fedora-clang | 0.0.3 | 146.86 | NOTE | |||
r-devel-linux-x86_64-fedora-gcc | 0.0.3 | 145.71 | NOTE | |||
r-devel-windows-x86_64 | 0.0.3 | 17.00 | 135.00 | 152.00 | OK | |
r-patched-linux-x86_64 | 0.0.3 | 3.16 | 109.44 | 112.60 | OK | |
r-release-linux-x86_64 | 0.0.3 | 2.74 | 109.57 | 112.31 | OK | |
r-release-macos-arm64 | 0.0.3 | 39.00 | NOTE | |||
r-release-macos-x86_64 | 0.0.3 | 61.00 | NOTE | |||
r-release-windows-x86_64 | 0.0.3 | 19.00 | 136.00 | 155.00 | OK | |
r-oldrel-macos-arm64 | 0.0.3 | 38.00 | NOTE | |||
r-oldrel-macos-x86_64 | 0.0.3 | 74.00 | NOTE | |||
r-oldrel-windows-ix86+x86_64 | 0.0.3 | 8.00 | 141.00 | 149.00 | OK |
Version: 0.0.3
Check: dependencies in R code
Result: NOTE
Namespaces in Imports field not imported from:
‘MASS’ ‘rjags’
All declared Imports should be used.
Flavors: r-devel-linux-x86_64-fedora-clang, r-devel-linux-x86_64-fedora-gcc, r-release-macos-arm64, r-release-macos-x86_64, r-oldrel-macos-arm64, r-oldrel-macos-x86_64