CRAN Package Check Results for Package gripp

Last updated on 2022-06-30 03:53:24 CEST.

Flavor Version Tinstall Tcheck Ttotal Status Flags
r-devel-linux-x86_64-debian-clang 0.2.20 3.95 36.61 40.56 NOTE
r-devel-linux-x86_64-debian-gcc 0.2.20 2.92 28.87 31.79 NOTE
r-devel-linux-x86_64-fedora-clang 0.2.20 59.73 NOTE
r-devel-linux-x86_64-fedora-gcc 0.2.20 58.71 NOTE
r-devel-windows-x86_64 0.2.20 15.00 61.00 76.00 NOTE
r-patched-linux-x86_64 0.2.20 3.63 35.69 39.32 NOTE
r-release-linux-x86_64 0.2.20 3.84 35.86 39.70 NOTE
r-release-macos-arm64 0.2.20 23.00 NOTE
r-release-macos-x86_64 0.2.20 42.00 NOTE
r-release-windows-x86_64 0.2.20 14.00 65.00 79.00 NOTE
r-oldrel-macos-arm64 0.2.20 27.00 NOTE
r-oldrel-macos-x86_64 0.2.20 33.00 NOTE
r-oldrel-windows-ix86+x86_64 0.2.20 10.00 57.00 67.00 NOTE

Check Details

Version: 0.2.20
Check: LazyData
Result: NOTE
     'LazyData' is specified without a 'data' directory
Flavors: r-devel-linux-x86_64-debian-clang, r-devel-linux-x86_64-debian-gcc, r-devel-linux-x86_64-fedora-clang, r-devel-linux-x86_64-fedora-gcc, r-devel-windows-x86_64, r-patched-linux-x86_64, r-release-linux-x86_64, r-release-macos-arm64, r-release-macos-x86_64, r-release-windows-x86_64, r-oldrel-macos-arm64, r-oldrel-macos-x86_64, r-oldrel-windows-ix86+x86_64

Version: 0.2.20
Check: dependencies in R code
Result: NOTE
    Namespace in Imports field not imported from: ‘usethis’
     All declared Imports should be used.
Flavors: r-devel-linux-x86_64-fedora-clang, r-devel-linux-x86_64-fedora-gcc, r-release-macos-arm64, r-release-macos-x86_64, r-oldrel-macos-arm64, r-oldrel-macos-x86_64