Last updated on 2022-06-30 03:53:24 CEST.
Flavor | Version | Tinstall | Tcheck | Ttotal | Status | Flags |
---|---|---|---|---|---|---|
r-devel-linux-x86_64-debian-clang | 2.1.0 | 332.63 | 94.44 | 427.07 | NOTE | |
r-devel-linux-x86_64-debian-gcc | 2.1.0 | 254.31 | 76.72 | 331.03 | NOTE | |
r-devel-linux-x86_64-fedora-clang | 2.1.0 | 660.28 | NOTE | |||
r-devel-linux-x86_64-fedora-gcc | 2.1.0 | 552.87 | NOTE | |||
r-devel-windows-x86_64 | 2.1.0 | 367.00 | 157.00 | 524.00 | NOTE | |
r-patched-linux-x86_64 | 2.1.0 | 256.05 | 98.30 | 354.35 | NOTE | |
r-release-linux-x86_64 | 2.1.0 | 281.54 | 97.33 | 378.87 | NOTE | |
r-release-macos-arm64 | 2.1.0 | 134.00 | NOTE | |||
r-release-macos-x86_64 | 2.1.0 | 175.00 | NOTE | |||
r-release-windows-x86_64 | 2.1.0 | 339.00 | 165.00 | 504.00 | NOTE | |
r-oldrel-macos-arm64 | 2.1.0 | 132.00 | NOTE | |||
r-oldrel-macos-x86_64 | 2.1.0 | 174.00 | NOTE | |||
r-oldrel-windows-ix86+x86_64 | 2.1.0 | 804.00 | 181.00 | 985.00 | NOTE |
Version: 2.1.0
Check: for GNU extensions in Makefiles
Result: NOTE
GNU make is a SystemRequirements.
Flavors: r-devel-linux-x86_64-debian-clang, r-devel-linux-x86_64-debian-gcc, r-devel-linux-x86_64-fedora-clang, r-devel-linux-x86_64-fedora-gcc, r-devel-windows-x86_64, r-patched-linux-x86_64, r-release-linux-x86_64, r-release-macos-arm64, r-release-macos-x86_64, r-release-windows-x86_64, r-oldrel-macos-arm64, r-oldrel-macos-x86_64, r-oldrel-windows-ix86+x86_64
Version: 2.1.0
Check: installed package size
Result: NOTE
installed size is 26.5Mb
sub-directories of 1Mb or more:
libs 26.0Mb
Flavors: r-devel-linux-x86_64-fedora-clang, r-release-macos-arm64, r-release-macos-x86_64, r-oldrel-macos-arm64, r-oldrel-macos-x86_64