CRAN Package Check Results for Package greport

Last updated on 2024-07-18 03:56:37 CEST.

Flavor Version Tinstall Tcheck Ttotal Status Flags
r-devel-linux-x86_64-debian-clang 0.7-4 15.48 132.73 148.21 NOTE
r-devel-linux-x86_64-debian-gcc 0.7-4 14.03 97.45 111.48 NOTE
r-devel-linux-x86_64-fedora-clang 0.7-4 188.13 NOTE
r-devel-linux-x86_64-fedora-gcc 0.7-4 174.27 NOTE
r-devel-windows-x86_64 0.7-4 15.00 106.00 121.00 NOTE
r-patched-linux-x86_64 0.7-4 12.41 124.63 137.04 NOTE
r-release-linux-x86_64 0.7-4 10.80 127.05 137.85 NOTE
r-release-macos-arm64 0.7-4 50.00 NOTE
r-release-macos-x86_64 0.7-4 72.00 NOTE
r-release-windows-x86_64 0.7-4 15.00 108.00 123.00 NOTE
r-oldrel-macos-arm64 0.7-4 59.00 NOTE
r-oldrel-macos-x86_64 0.7-4 151.00 NOTE
r-oldrel-windows-x86_64 0.7-4 21.00 131.00 152.00 NOTE

Check Details

Version: 0.7-4
Check: R code for possible problems
Result: NOTE accrualReport: multiple local function definitions for ‘gg’ with different formal arguments Flavors: r-devel-linux-x86_64-debian-clang, r-devel-linux-x86_64-debian-gcc, r-devel-linux-x86_64-fedora-clang, r-devel-linux-x86_64-fedora-gcc, r-devel-windows-x86_64, r-patched-linux-x86_64, r-release-linux-x86_64, r-release-macos-arm64, r-release-macos-x86_64, r-release-windows-x86_64, r-oldrel-macos-arm64, r-oldrel-macos-x86_64, r-oldrel-windows-x86_64

Version: 0.7-4
Check: Rd files
Result: NOTE checkRd: (-1) setgreportOption.Rd:12: Lost braces in \itemize; meant \describe ? checkRd: (-1) setgreportOption.Rd:13: Lost braces in \itemize; meant \describe ? checkRd: (-1) setgreportOption.Rd:14: Lost braces in \itemize; meant \describe ? checkRd: (-1) setgreportOption.Rd:15: Lost braces in \itemize; meant \describe ? checkRd: (-1) setgreportOption.Rd:16: Lost braces in \itemize; meant \describe ? checkRd: (-1) setgreportOption.Rd:17: Lost braces in \itemize; meant \describe ? checkRd: (-1) setgreportOption.Rd:18: Lost braces in \itemize; meant \describe ? checkRd: (-1) setgreportOption.Rd:19: Lost braces in \itemize; meant \describe ? checkRd: (-1) setgreportOption.Rd:20: Lost braces in \itemize; meant \describe ? checkRd: (-1) setgreportOption.Rd:21: Lost braces in \itemize; meant \describe ? checkRd: (-1) setgreportOption.Rd:22: Lost braces in \itemize; meant \describe ? checkRd: (-1) setgreportOption.Rd:23: Lost braces in \itemize; meant \describe ? checkRd: (-1) setgreportOption.Rd:24: Lost braces 24 | \item{code{figpos}:}{LaTeX figure environment position; default is \code{"htb!"}} | ^ checkRd: (-1) setgreportOption.Rd:24: Lost braces in \itemize; meant \describe ? checkRd: (-1) setgreportOption.Rd:25: Lost braces in \itemize; meant \describe ? checkRd: (-1) setgreportOption.Rd:26: Lost braces in \itemize; meant \describe ? checkRd: (-1) setgreportOption.Rd:27: Lost braces in \itemize; meant \describe ? checkRd: (-1) setgreportOption.Rd:28: Lost braces in \itemize; meant \describe ? checkRd: (-1) setgreportOption.Rd:29: Lost braces in \itemize; meant \describe ? Flavors: r-devel-linux-x86_64-debian-clang, r-devel-linux-x86_64-debian-gcc, r-devel-linux-x86_64-fedora-clang, r-devel-linux-x86_64-fedora-gcc, r-devel-windows-x86_64, r-patched-linux-x86_64, r-release-linux-x86_64, r-release-macos-arm64, r-release-macos-x86_64, r-release-windows-x86_64