CRAN Package Check Results for Package grattanInflators

Last updated on 2024-07-21 15:53:35 CEST.

Flavor Version Tinstall Tcheck Ttotal Status Flags
r-devel-linux-x86_64-debian-clang 0.5.3 7.37 39.27 46.64 NOTE
r-devel-linux-x86_64-debian-gcc 0.5.3 5.45 29.65 35.10 NOTE
r-devel-linux-x86_64-fedora-clang 0.5.3 62.55 NOTE
r-devel-linux-x86_64-fedora-gcc 0.5.3 57.11 NOTE
r-devel-windows-x86_64 0.5.3 14.00 56.00 70.00 NOTE
r-patched-linux-x86_64 0.5.3 7.65 38.37 46.02 OK
r-release-linux-x86_64 0.5.3 6.01 38.35 44.36 OK
r-release-macos-arm64 0.5.3 25.00 OK
r-release-macos-x86_64 0.5.3 37.00 OK
r-release-windows-x86_64 0.5.3 12.00 57.00 69.00 OK
r-oldrel-macos-arm64 0.5.3 28.00 OK
r-oldrel-macos-x86_64 0.5.3 49.00 OK
r-oldrel-windows-x86_64 0.5.3 14.00 61.00 75.00 OK

Check Details

Version: 0.5.3
Check: compiled code
Result: NOTE File ‘grattanInflators/libs/grattanInflators.so’: Found non-API call to R: ‘STRING_PTR’ Compiled code should not call non-API entry points in R. See ‘Writing portable packages’ in the ‘Writing R Extensions’ manual, and section ‘Moving into C API compliance’ for issues with the use of non-API entry points. Flavors: r-devel-linux-x86_64-debian-clang, r-devel-linux-x86_64-debian-gcc, r-devel-linux-x86_64-fedora-clang, r-devel-linux-x86_64-fedora-gcc

Version: 0.5.3
Check: compiled code
Result: NOTE File 'grattanInflators/libs/x64/grattanInflators.dll': Found non-API call to R: 'STRING_PTR' Compiled code should not call non-API entry points in R. See 'Writing portable packages' in the 'Writing R Extensions' manual, and section 'Moving into C API compliance' for issues with the use of non-API entry points. Flavor: r-devel-windows-x86_64