Last updated on 2022-07-02 15:52:20 CEST.
Flavor | Version | Tinstall | Tcheck | Ttotal | Status | Flags |
---|---|---|---|---|---|---|
r-devel-linux-x86_64-debian-clang | 2.0.0.0 | 18.79 | 75.01 | 93.80 | NOTE | |
r-devel-linux-x86_64-debian-gcc | 2.0.0.0 | 13.99 | 54.43 | 68.42 | NOTE | |
r-devel-linux-x86_64-fedora-clang | 2.0.0.0 | 126.00 | NOTE | |||
r-devel-linux-x86_64-fedora-gcc | 2.0.0.0 | 123.93 | NOTE | |||
r-devel-windows-x86_64 | 2.0.0.0 | 128.00 | 106.00 | 234.00 | NOTE | |
r-patched-linux-x86_64 | 2.0.0.0 | 15.99 | 67.85 | 83.84 | NOTE | |
r-release-linux-x86_64 | 2.0.0.0 | 14.48 | 69.81 | 84.29 | NOTE | |
r-release-macos-arm64 | 2.0.0.0 | 40.00 | NOTE | |||
r-release-macos-x86_64 | 2.0.0.0 | 53.00 | NOTE | |||
r-release-windows-x86_64 | 2.0.0.0 | 133.00 | 102.00 | 235.00 | NOTE | |
r-oldrel-macos-arm64 | 2.0.0.0 | 36.00 | NOTE | |||
r-oldrel-macos-x86_64 | 2.0.0.0 | 53.00 | NOTE | |||
r-oldrel-windows-ix86+x86_64 | 2.0.0.0 | 65.00 | 138.00 | 203.00 | NOTE |
Version: 2.0.0.0
Check: package dependencies
Result: NOTE
Packages suggested but not available for checking:
'taxstats', 'taxstats1516'
Flavors: r-devel-linux-x86_64-debian-clang, r-devel-linux-x86_64-debian-gcc, r-devel-linux-x86_64-fedora-clang, r-devel-linux-x86_64-fedora-gcc, r-devel-windows-x86_64, r-patched-linux-x86_64, r-release-linux-x86_64, r-release-macos-arm64, r-release-macos-x86_64, r-release-windows-x86_64, r-oldrel-macos-arm64, r-oldrel-macos-x86_64, r-oldrel-windows-ix86+x86_64