Last updated on 2022-07-01 03:53:51 CEST.
Flavor | Version | Tinstall | Tcheck | Ttotal | Status | Flags |
---|---|---|---|---|---|---|
r-devel-linux-x86_64-debian-clang | 1.0.0 | 12.86 | 129.85 | 142.71 | NOTE | |
r-devel-linux-x86_64-debian-gcc | 1.0.0 | 10.19 | 94.78 | 104.97 | NOTE | |
r-devel-linux-x86_64-fedora-clang | 1.0.0 | 175.95 | NOTE | |||
r-devel-linux-x86_64-fedora-gcc | 1.0.0 | 171.75 | NOTE | |||
r-devel-windows-x86_64 | 1.0.0 | 39.00 | 150.00 | 189.00 | NOTE | |
r-patched-linux-x86_64 | 1.0.0 | 10.74 | 118.45 | 129.19 | NOTE | |
r-release-linux-x86_64 | 1.0.0 | 9.60 | 121.93 | 131.53 | NOTE | |
r-release-macos-arm64 | 1.0.0 | 49.00 | NOTE | |||
r-release-macos-x86_64 | 1.0.0 | 92.00 | NOTE | |||
r-release-windows-x86_64 | 1.0.0 | 18.00 | 150.00 | 168.00 | NOTE | |
r-oldrel-macos-arm64 | 1.0.0 | 65.00 | NOTE | |||
r-oldrel-macos-x86_64 | 1.0.0 | 92.00 | NOTE | |||
r-oldrel-windows-ix86+x86_64 | 1.0.0 | 28.00 | 156.00 | 184.00 | NOTE |
Version: 1.0.0
Check: LazyData
Result: NOTE
'LazyData' is specified without a 'data' directory
Flavors: r-devel-linux-x86_64-debian-clang, r-devel-linux-x86_64-debian-gcc, r-devel-linux-x86_64-fedora-clang, r-devel-linux-x86_64-fedora-gcc, r-devel-windows-x86_64, r-patched-linux-x86_64, r-release-linux-x86_64, r-release-macos-arm64, r-release-macos-x86_64, r-release-windows-x86_64, r-oldrel-macos-arm64, r-oldrel-macos-x86_64, r-oldrel-windows-ix86+x86_64
Version: 1.0.0
Check: dependencies in R code
Result: NOTE
Namespace in Imports field not imported from: ‘reshape2’
All declared Imports should be used.
Flavors: r-devel-linux-x86_64-fedora-clang, r-devel-linux-x86_64-fedora-gcc, r-release-macos-arm64, r-release-macos-x86_64, r-oldrel-macos-arm64, r-oldrel-macos-x86_64