Last updated on 2023-12-01 15:53:36 CET.
Flavor | Version | Tinstall | Tcheck | Ttotal | Status | Flags |
---|---|---|---|---|---|---|
r-devel-linux-x86_64-debian-clang | 3.1.3 | 8.06 | 85.35 | 93.41 | NOTE | |
r-devel-linux-x86_64-debian-gcc | 3.1.3 | 6.66 | 62.93 | 69.59 | NOTE | |
r-devel-linux-x86_64-fedora-clang | 3.1.3 | 114.36 | NOTE | |||
r-devel-linux-x86_64-fedora-gcc | 3.1.3 | 130.98 | NOTE | |||
r-devel-windows-x86_64 | 3.1.3 | 8.00 | 93.00 | 101.00 | NOTE | |
r-patched-linux-x86_64 | 3.1.3 | 8.50 | 81.66 | 90.16 | NOTE | |
r-release-linux-x86_64 | 3.1.3 | 7.91 | 80.79 | 88.70 | NOTE | |
r-release-macos-arm64 | 3.1.3 | 41.00 | NOTE | |||
r-release-macos-x86_64 | 3.1.3 | 68.00 | NOTE | |||
r-release-windows-x86_64 | 3.1.3 | 7.00 | 106.00 | 113.00 | NOTE | |
r-oldrel-macos-arm64 | 3.1.3 | 37.00 | OK | |||
r-oldrel-macos-x86_64 | 3.1.3 | 48.00 | OK | |||
r-oldrel-windows-x86_64 | 3.1.3 | 11.00 | 104.00 | 115.00 | OK |
Version: 3.1.3
Check: Rd files
Result: NOTE
checkRd: (-1) barplot2.Rd:219: Escaped LaTeX specials: \_
checkRd: (-1) colorpanel.Rd:31: Escaped LaTeX specials: \#
checkRd: (-1) qqnorm.aov.Rd:33: Escaped LaTeX specials: \&
checkRd: (-1) venn.Rd:21: Lost braces
21 | in code{data} not in this list will be ignored. Use \code{NA} to
| ^
checkRd: (-1) venn.Rd:59: Escaped LaTeX specials: \_
Flavors: r-devel-linux-x86_64-debian-clang, r-devel-linux-x86_64-debian-gcc
Version: 3.1.3
Check: Rd files
Result: NOTE
checkRd: (-1) barplot2.Rd:219: Escaped LaTeX specials: \_
checkRd: (-1) colorpanel.Rd:31: Escaped LaTeX specials: \#
checkRd: (-1) qqnorm.aov.Rd:33: Escaped LaTeX specials: \&
checkRd: (-1) venn.Rd:59: Escaped LaTeX specials: \_
Flavors: r-devel-linux-x86_64-fedora-clang, r-devel-linux-x86_64-fedora-gcc, r-devel-windows-x86_64, r-patched-linux-x86_64, r-release-linux-x86_64, r-release-macos-arm64, r-release-macos-x86_64, r-release-windows-x86_64