CRAN Package Check Results for Package goric

Last updated on 2021-09-19 03:51:05 CEST.

Flavor Version Tinstall Tcheck Ttotal Status Flags
r-devel-linux-x86_64-debian-clang 1.1-2 9.18 96.18 105.36 OK
r-devel-linux-x86_64-debian-gcc 1.1-2 7.76 73.51 81.27 OK
r-devel-linux-x86_64-fedora-clang 1.1-2 133.94 OK
r-devel-linux-x86_64-fedora-gcc 1.1-2 122.59 OK
r-devel-windows-x86_64 1.1-2 10.00 126.00 136.00 OK
r-devel-windows-x86_64-gcc10-UCRT 1.1-2 ERROR
r-patched-linux-x86_64 1.1-2 11.59 92.73 104.32 OK
r-patched-solaris-x86 1.1-2 167.00 OK
r-release-linux-x86_64 1.1-2 9.01 92.68 101.69 OK
r-release-macos-arm64 1.1-2 OK
r-release-macos-x86_64 1.1-2 OK
r-release-windows-ix86+x86_64 1.1-2 18.00 97.00 115.00 OK
r-oldrel-macos-x86_64 1.1-2 OK
r-oldrel-windows-ix86+x86_64 1.1-2 18.00 93.00 111.00 OK

Check Details

Version: 1.1-2
Check: whether package can be installed
Result: WARN
    Found the following significant warnings:
     WARNING: installation-time patches will not be applied, could not get the patches index
Flavor: r-devel-windows-x86_64-gcc10-UCRT

Version: 1.1-2
Check: PDF version of manual
Result: WARN
    LaTeX errors when creating PDF version.
    This typically indicates Rd problems.
Flavor: r-devel-windows-x86_64-gcc10-UCRT

Version: 1.1-2
Check: PDF version of manual without hyperrefs or index
Result: ERROR
    Re-running with no redirection of stdout/stderr.
Flavor: r-devel-windows-x86_64-gcc10-UCRT