CRAN Package Check Results for Package goric

Last updated on 2020-09-22 03:49:24 CEST.

Flavor Version Tinstall Tcheck Ttotal Status Flags
r-devel-linux-x86_64-debian-clang 1.1-1 9.85 91.19 101.04 OK
r-devel-linux-x86_64-debian-gcc 1.1-1 0.30 2.32 2.62 ERROR
r-devel-linux-x86_64-fedora-clang 1.1-1 131.36 OK
r-devel-linux-x86_64-fedora-gcc 1.1-1 122.29 OK
r-devel-windows-ix86+x86_64 1.1-1 18.00 98.00 116.00 OK
r-patched-linux-x86_64 1.1-1 7.76 88.15 95.91 OK
r-patched-solaris-x86 1.1-1 167.60 OK
r-release-linux-x86_64 1.1-1 8.74 89.13 97.87 OK
r-release-macos-x86_64 1.1-1 OK
r-release-windows-ix86+x86_64 1.1-1 18.00 92.00 110.00 OK
r-oldrel-macos-x86_64 1.1-1 OK
r-oldrel-windows-ix86+x86_64 1.1-1 12.00 112.00 124.00 OK

Check Details

Version: 1.1-1
Check: whether package can be installed
Result: ERROR
    Installation failed.
Flavor: r-devel-linux-x86_64-debian-gcc