Last updated on 2023-03-23 15:54:51 CET.
Flavor | Version | Tinstall | Tcheck | Ttotal | Status | Flags |
---|---|---|---|---|---|---|
r-devel-linux-x86_64-debian-clang | 2.7.6 | 10.54 | 86.46 | 97.00 | WARN | |
r-devel-linux-x86_64-debian-gcc | 2.7.6 | 6.87 | 65.69 | 72.56 | WARN | |
r-devel-linux-x86_64-fedora-clang | 2.7.6 | 115.34 | WARN | |||
r-devel-linux-x86_64-fedora-gcc | 2.7.6 | 120.91 | WARN | |||
r-patched-linux-x86_64 | 2.7.6 | 9.54 | 80.18 | 89.72 | OK | |
r-release-linux-x86_64 | 2.7.6 | 8.18 | 79.05 | 87.23 | OK | |
r-release-macos-arm64 | 2.7.6 | 46.00 | OK | |||
r-release-macos-x86_64 | 2.7.6 | 71.00 | OK | |||
r-release-windows-x86_64 | 2.7.6 | 131.00 | 135.00 | 266.00 | OK | |
r-oldrel-macos-arm64 | 2.7.6 | 37.00 | OK | |||
r-oldrel-macos-x86_64 | 2.7.6 | 55.00 | OK | |||
r-oldrel-windows-ix86+x86_64 | 2.7.6 | 20.00 | 111.00 | 131.00 | NOTE |
Version: 2.7.6
Check: S3 generic/method consistency
Result: WARN
.access_result:
function(res, accessor)
.access_result.character:
function(js, accessor)
.access_result:
function(res, accessor)
.access_result.list:
function(lst, accessor)
See section ‘Generic functions and methods’ in the ‘Writing R
Extensions’ manual.
Flavors: r-devel-linux-x86_64-debian-clang, r-devel-linux-x86_64-debian-gcc, r-devel-linux-x86_64-fedora-clang, r-devel-linux-x86_64-fedora-gcc
Version: 2.7.6
Check: R code for possible problems
Result: NOTE
Initiating curl with CURL_SSL_BACKEND: openssl
Flavor: r-oldrel-windows-ix86+x86_64