CRAN Package Check Results for Package googleTagManageR

Last updated on 2020-11-25 15:51:57 CET.

Flavor Version Tinstall Tcheck Ttotal Status Flags
r-devel-linux-x86_64-debian-clang 0.1.6 7.00 51.68 58.68 OK
r-devel-linux-x86_64-debian-gcc 0.1.6 6.00 41.64 47.64 OK
r-devel-linux-x86_64-fedora-clang 0.1.6 74.01 NOTE
r-devel-linux-x86_64-fedora-gcc 0.1.6 67.33 NOTE
r-devel-windows-ix86+x86_64 0.1.6 13.00 77.00 90.00 OK
r-patched-linux-x86_64 0.1.6 7.15 50.51 57.66 OK
r-patched-solaris-x86 0.1.6 94.80 NOTE
r-release-linux-x86_64 0.1.6 8.13 49.54 57.67 OK
r-release-macos-x86_64 0.1.6 NOTE
r-release-windows-ix86+x86_64 0.1.6 15.00 74.00 89.00 OK
r-oldrel-macos-x86_64 0.1.6 NOTE
r-oldrel-windows-ix86+x86_64 0.1.6 10.00 63.00 73.00 OK

Check Details

Version: 0.1.6
Check: dependencies in R code
Result: NOTE
    Namespaces in Imports field not imported from:
     ‘assertthat’ ‘future’ ‘httr’ ‘jsonlite’
     All declared Imports should be used.
Flavors: r-devel-linux-x86_64-fedora-clang, r-devel-linux-x86_64-fedora-gcc, r-patched-solaris-x86, r-release-macos-x86_64, r-oldrel-macos-x86_64