CRAN Package Check Results for Package goftest

Last updated on 2021-09-19 03:51:05 CEST.

Flavor Version Tinstall Tcheck Ttotal Status Flags
r-devel-linux-x86_64-debian-clang 1.2-2 3.06 25.06 28.12 OK
r-devel-linux-x86_64-debian-gcc 1.2-2 2.07 19.73 21.80 OK
r-devel-linux-x86_64-fedora-clang 1.2-2 42.75 OK
r-devel-linux-x86_64-fedora-gcc 1.2-2 32.27 OK
r-devel-windows-x86_64 1.2-2 6.00 42.00 48.00 OK
r-devel-windows-x86_64-gcc10-UCRT 1.2-2 ERROR
r-patched-linux-x86_64 1.2-2 2.69 24.27 26.96 OK
r-patched-solaris-x86 1.2-2 49.00 OK
r-release-linux-x86_64 1.2-2 2.71 24.23 26.94 OK
r-release-macos-arm64 1.2-2 OK
r-release-macos-x86_64 1.2-2 OK
r-release-windows-ix86+x86_64 1.2-2 10.00 38.00 48.00 OK
r-oldrel-macos-x86_64 1.2-2 OK
r-oldrel-windows-ix86+x86_64 1.2-2 8.00 37.00 45.00 OK

Check Details

Version: 1.2-2
Check: whether package can be installed
Result: ERROR
    Installation failed.
Flavor: r-devel-windows-x86_64-gcc10-UCRT