CRAN Package Check Results for Package goeveg

Last updated on 2022-09-27 03:55:53 CEST.

Flavor Version Tinstall Tcheck Ttotal Status Flags
r-devel-linux-x86_64-debian-clang 0.5.1 11.43 124.45 135.88 OK
r-devel-linux-x86_64-debian-gcc 0.5.1 9.44 92.30 101.74 OK
r-devel-linux-x86_64-fedora-clang 0.5.1 176.34 NOTE
r-devel-linux-x86_64-fedora-gcc 0.5.1 177.30 NOTE
r-devel-windows-x86_64 0.5.1 20.00 140.00 160.00 OK
r-patched-linux-x86_64 0.5.1 8.34 116.43 124.77 OK
r-release-linux-x86_64 0.5.1 8.42 116.51 124.93 OK
r-release-macos-arm64 0.5.1 43.00 NOTE
r-release-macos-x86_64 0.5.1 77.00 NOTE
r-release-windows-x86_64 0.5.1 17.00 148.00 165.00 OK
r-oldrel-macos-arm64 0.5.1 55.00 NOTE
r-oldrel-macos-x86_64 0.5.1 85.00 NOTE
r-oldrel-windows-ix86+x86_64 0.5.1 30.00 137.00 167.00 OK

Check Details

Version: 0.5.1
Check: dependencies in R code
Result: NOTE
    Namespace in Imports field not imported from: ‘Hmisc’
     All declared Imports should be used.
Flavors: r-devel-linux-x86_64-fedora-clang, r-devel-linux-x86_64-fedora-gcc, r-release-macos-arm64, r-release-macos-x86_64, r-oldrel-macos-arm64, r-oldrel-macos-x86_64