CRAN Package Check Results for Package gnFit

Last updated on 2022-10-01 03:54:10 CEST.

Flavor Version Tinstall Tcheck Ttotal Status Flags
r-devel-linux-x86_64-debian-clang 0.2.0 8.87 67.52 76.39 NOTE
r-devel-linux-x86_64-debian-gcc 0.2.0 6.26 51.99 58.25 NOTE
r-devel-linux-x86_64-fedora-clang 0.2.0 104.51 NOTE
r-devel-linux-x86_64-fedora-gcc 0.2.0 107.73 NOTE
r-devel-windows-x86_64 0.2.0 11.00 95.00 106.00 NOTE
r-patched-linux-x86_64 0.2.0 7.23 64.07 71.30 NOTE
r-release-linux-x86_64 0.2.0 8.29 63.95 72.24 NOTE
r-release-macos-arm64 0.2.0 31.00 NOTE
r-release-macos-x86_64 0.2.0 42.00 NOTE
r-release-windows-x86_64 0.2.0 11.00 95.00 106.00 NOTE
r-oldrel-macos-arm64 0.2.0 34.00 NOTE
r-oldrel-macos-x86_64 0.2.0 63.00 NOTE
r-oldrel-windows-ix86+x86_64 0.2.0 17.00 87.00 104.00 NOTE

Check Details

Version: 0.2.0
Check: LazyData
Result: NOTE
     'LazyData' is specified without a 'data' directory
Flavors: r-devel-linux-x86_64-debian-clang, r-devel-linux-x86_64-debian-gcc, r-devel-linux-x86_64-fedora-clang, r-devel-linux-x86_64-fedora-gcc, r-devel-windows-x86_64, r-patched-linux-x86_64, r-release-linux-x86_64, r-release-macos-arm64, r-release-macos-x86_64, r-release-windows-x86_64, r-oldrel-macos-arm64, r-oldrel-macos-x86_64, r-oldrel-windows-ix86+x86_64