CRAN Package Check Results for Package gmnl

Last updated on 2022-06-28 15:53:18 CEST.

Flavor Version Tinstall Tcheck Ttotal Status Flags
r-devel-linux-x86_64-debian-clang 1.1-3.2 15.16 118.97 134.13 OK
r-devel-linux-x86_64-debian-gcc 1.1-3.2 11.78 89.23 101.01 OK
r-devel-linux-x86_64-fedora-clang 1.1-3.2 165.98 NOTE
r-devel-linux-x86_64-fedora-gcc 1.1-3.2 176.24 OK
r-devel-windows-x86_64 1.1-3.2 24.00 133.00 157.00 OK
r-patched-linux-x86_64 1.1-3.2 14.97 110.62 125.59 OK
r-release-linux-x86_64 1.1-3.2 12.23 112.77 125.00 OK
r-release-macos-arm64 1.1-3.2 41.00 OK
r-release-macos-x86_64 1.1-3.2 88.00 OK
r-release-windows-x86_64 1.1-3.2 20.00 131.00 151.00 OK
r-oldrel-macos-arm64 1.1-3.2 45.00 OK
r-oldrel-macos-x86_64 1.1-3.2 85.00 OK
r-oldrel-windows-ix86+x86_64 1.1-3.2 31.00 128.00 159.00 OK

Check Details

Version: 1.1-3.2
Check: Rd cross-references
Result: NOTE
    Undeclared package ‘sandwich’ in Rd xrefs
Flavor: r-devel-linux-x86_64-fedora-clang