Last updated on 2022-06-25 15:51:22 CEST.
Flavor | Version | Tinstall | Tcheck | Ttotal | Status | Flags |
---|---|---|---|---|---|---|
r-devel-linux-x86_64-debian-clang | 0.10.1 | 38.46 | 71.53 | 109.99 | OK | |
r-devel-linux-x86_64-debian-gcc | 0.10.1 | 31.38 | 52.89 | 84.27 | OK | |
r-devel-linux-x86_64-fedora-clang | 0.10.1 | 153.86 | NOTE | |||
r-devel-linux-x86_64-fedora-gcc | 0.10.1 | 145.85 | NOTE | |||
r-devel-windows-x86_64 | 0.10.1 | 41.00 | 127.00 | 168.00 | OK | |
r-patched-linux-x86_64 | 0.10.1 | 34.20 | 67.73 | 101.93 | OK | |
r-release-linux-x86_64 | 0.10.1 | 37.50 | 69.19 | 106.69 | OK | |
r-release-macos-arm64 | 0.10.1 | 46.00 | NOTE | |||
r-release-macos-x86_64 | 0.10.1 | 76.00 | NOTE | |||
r-release-windows-x86_64 | 0.10.1 | 40.00 | 127.00 | 167.00 | OK | |
r-oldrel-macos-arm64 | 0.10.1 | 54.00 | NOTE | |||
r-oldrel-macos-x86_64 | 0.10.1 | 74.00 | NOTE | |||
r-oldrel-windows-ix86+x86_64 | 0.10.1 | 88.00 | 141.00 | 229.00 | OK |
Version: 0.10.1
Check: installed package size
Result: NOTE
installed size is 11.1Mb
sub-directories of 1Mb or more:
doc 2.4Mb
libs 8.5Mb
Flavors: r-devel-linux-x86_64-fedora-clang, r-release-macos-arm64, r-release-macos-x86_64, r-oldrel-macos-arm64, r-oldrel-macos-x86_64
Version: 0.10.1
Check: dependencies in R code
Result: NOTE
Namespace in Imports field not imported from: ‘scales’
All declared Imports should be used.
Flavors: r-devel-linux-x86_64-fedora-clang, r-devel-linux-x86_64-fedora-gcc, r-release-macos-arm64, r-release-macos-x86_64, r-oldrel-macos-arm64, r-oldrel-macos-x86_64