CRAN Package Check Results for Package glottospace

Last updated on 2024-06-13 15:48:24 CEST.

Flavor Version Tinstall Tcheck Ttotal Status Flags
r-devel-linux-x86_64-debian-clang 0.0.112 13.05 71.43 84.48 OK
r-devel-linux-x86_64-debian-gcc 0.0.112 0.45 1.59 2.04 ERROR
r-devel-linux-x86_64-fedora-clang 0.0.112 100.32 NOTE
r-devel-linux-x86_64-fedora-gcc 0.0.112 96.61 NOTE
r-devel-windows-x86_64 0.0.112 12.00 72.00 84.00 OK
r-patched-linux-x86_64 0.0.112 7.95 67.99 75.94 OK
r-release-linux-x86_64 0.0.112 7.60 67.01 74.61 OK
r-release-macos-arm64 0.0.112 35.00 OK
r-release-macos-x86_64 0.0.112 59.00 OK
r-release-windows-x86_64 0.0.112 14.00 71.00 85.00 OK
r-oldrel-macos-arm64 0.0.112 37.00 OK
r-oldrel-macos-x86_64 0.0.112 59.00 OK
r-oldrel-windows-x86_64 0.0.112 16.00 83.00 99.00 OK

Check Details

Version: 0.0.112
Check: package dependencies
Result: ERROR Packages required but not available: 'dplyr', 'ggplot2', 'purrr', 'readxl', 'tibble', 'tidyr', 'tmap' Packages suggested but not available for checking: 'mapedit', 'plotly' See section ‘The DESCRIPTION file’ in the ‘Writing R Extensions’ manual. Flavor: r-devel-linux-x86_64-debian-gcc

Version: 0.0.112
Check: dependencies in R code
Result: NOTE Namespace in Imports field not imported from: ‘rnaturalearthdata’ All declared Imports should be used. Flavors: r-devel-linux-x86_64-fedora-clang, r-devel-linux-x86_64-fedora-gcc

Version: 0.0.112
Check: data for non-ASCII characters
Result: NOTE Note: found 1191 marked UTF-8 strings Flavors: r-devel-linux-x86_64-fedora-clang, r-devel-linux-x86_64-fedora-gcc