Last updated on 2022-07-04 15:54:43 CEST.
Flavor | Version | Tinstall | Tcheck | Ttotal | Status | Flags |
---|---|---|---|---|---|---|
r-devel-linux-x86_64-debian-clang | 4.1-4 | 167.91 | 283.07 | 450.98 | OK | |
r-devel-linux-x86_64-debian-gcc | 4.1-4 | 126.51 | 214.00 | 340.51 | OK | |
r-devel-linux-x86_64-fedora-clang | 4.1-4 | 578.07 | NOTE | |||
r-devel-linux-x86_64-fedora-gcc | 4.1-4 | 562.41 | OK | |||
r-devel-windows-x86_64 | 4.1-4 | 296.00 | 414.00 | 710.00 | OK | |
r-patched-linux-x86_64 | 4.1-4 | 132.85 | 280.27 | 413.12 | OK | |
r-release-linux-x86_64 | 4.1-4 | 130.65 | 278.86 | 409.51 | OK | |
r-release-macos-arm64 | 4.1-4 | 150.00 | NOTE | |||
r-release-macos-x86_64 | 4.1-4 | 187.00 | NOTE | |||
r-release-windows-x86_64 | 4.1-4 | 379.00 | 425.00 | 804.00 | OK | |
r-oldrel-macos-arm64 | 4.1-4 | 144.00 | NOTE | |||
r-oldrel-macos-x86_64 | 4.1-4 | 190.00 | NOTE | |||
r-oldrel-windows-ix86+x86_64 | 4.1-4 | 303.00 | 464.00 | 767.00 | NOTE |
Version: 4.1-4
Check: installed package size
Result: NOTE
installed size is 31.4Mb
sub-directories of 1Mb or more:
libs 29.3Mb
Flavors: r-devel-linux-x86_64-fedora-clang, r-release-macos-arm64, r-release-macos-x86_64, r-oldrel-macos-arm64, r-oldrel-macos-x86_64, r-oldrel-windows-ix86+x86_64