CRAN Package Check Results for Package glmnet

Last updated on 2022-12-08 04:06:31 CET.

Flavor Version Tinstall Tcheck Ttotal Status Flags
r-devel-linux-x86_64-debian-clang 4.1-6 157.28 293.18 450.46 OK
r-devel-linux-x86_64-debian-gcc 4.1-6 116.81 228.66 345.47 OK
r-devel-linux-x86_64-fedora-clang 4.1-6 592.05 OK
r-devel-linux-x86_64-fedora-gcc 4.1-6 569.08 OK
r-devel-windows-x86_64 4.1-6 263.00 460.00 723.00 OK
r-patched-linux-x86_64 4.1-6 134.79 279.48 414.27 OK
r-release-linux-x86_64 4.1-6 117.89 275.52 393.41 OK
r-release-macos-arm64 4.1-6 148.00 NOTE
r-release-macos-x86_64 4.1-6 181.00 NOTE
r-release-windows-x86_64 4.1-6 327.00 436.00 763.00 OK
r-oldrel-macos-arm64 4.1-6 151.00 NOTE
r-oldrel-macos-x86_64 4.1-6 185.00 NOTE
r-oldrel-windows-ix86+x86_64 4.1-6 268.00 461.00 729.00 NOTE

Check Details

Version: 4.1-6
Check: installed package size
Result: NOTE
     installed size is 35.6Mb
     sub-directories of 1Mb or more:
     libs 33.6Mb
Flavors: r-release-macos-arm64, r-release-macos-x86_64, r-oldrel-macos-arm64, r-oldrel-macos-x86_64, r-oldrel-windows-ix86+x86_64