CRAN Package Check Results for Package glme

Last updated on 2024-07-17 15:56:26 CEST.

Flavor Version Tinstall Tcheck Ttotal Status Flags
r-devel-linux-x86_64-debian-clang 0.1.0 6.83 48.98 55.81 NOTE
r-devel-linux-x86_64-debian-gcc 0.1.0 4.42 36.16 40.58 NOTE
r-devel-linux-x86_64-fedora-clang 0.1.0 67.97 NOTE
r-devel-linux-x86_64-fedora-gcc 0.1.0 64.00 NOTE
r-devel-windows-x86_64 0.1.0 7.00 54.00 61.00 NOTE
r-patched-linux-x86_64 0.1.0 5.51 46.57 52.08 NOTE
r-release-linux-x86_64 0.1.0 6.56 46.83 53.39 NOTE
r-release-macos-arm64 0.1.0 24.00 NOTE
r-release-macos-x86_64 0.1.0 33.00 NOTE
r-release-windows-x86_64 0.1.0 7.00 55.00 62.00 NOTE
r-oldrel-macos-arm64 0.1.0 25.00 NOTE
r-oldrel-macos-x86_64 0.1.0 37.00 NOTE
r-oldrel-windows-x86_64 0.1.0 8.00 58.00 66.00 NOTE

Check Details

Version: 0.1.0
Check: LazyData
Result: NOTE 'LazyData' is specified without a 'data' directory Flavors: r-devel-linux-x86_64-debian-clang, r-devel-linux-x86_64-debian-gcc, r-devel-linux-x86_64-fedora-clang, r-devel-linux-x86_64-fedora-gcc, r-devel-windows-x86_64, r-patched-linux-x86_64, r-release-linux-x86_64, r-release-macos-arm64, r-release-macos-x86_64, r-release-windows-x86_64, r-oldrel-macos-arm64, r-oldrel-macos-x86_64, r-oldrel-windows-x86_64