Last updated on 2022-05-17 15:53:18 CEST.
Flavor | Version | Tinstall | Tcheck | Ttotal | Status | Flags |
---|---|---|---|---|---|---|
r-devel-linux-x86_64-debian-clang | 0.6 | 47.68 | 507.19 | 554.87 | NOTE | |
r-devel-linux-x86_64-debian-gcc | 0.6 | 36.36 | 349.44 | 385.80 | NOTE | |
r-devel-linux-x86_64-fedora-clang | 0.6 | 632.26 | NOTE | |||
r-devel-linux-x86_64-fedora-gcc | 0.6 | 621.07 | NOTE | |||
r-devel-windows-x86_64 | 0.6 | 49.00 | 505.00 | 554.00 | NOTE | |
r-patched-linux-x86_64 | 0.6 | 39.14 | 474.32 | 513.46 | NOTE | |
r-release-linux-x86_64 | 0.6 | 35.53 | 476.39 | 511.92 | NOTE | |
r-release-macos-arm64 | 0.6 | 150.00 | NOTE | |||
r-release-macos-x86_64 | 0.6 | 249.00 | NOTE | |||
r-release-windows-x86_64 | 0.6 | 58.00 | 504.00 | 562.00 | NOTE | |
r-oldrel-macos-arm64 | 0.6 | 170.00 | NOTE | |||
r-oldrel-macos-x86_64 | 0.6 | 254.00 | NOTE | |||
r-oldrel-windows-ix86+x86_64 | 0.6 | 114.00 | 754.00 | 868.00 | NOTE |
Version: 0.6
Check: LazyData
Result: NOTE
'LazyData' is specified without a 'data' directory
Flavors: r-devel-linux-x86_64-debian-clang, r-devel-linux-x86_64-debian-gcc, r-devel-linux-x86_64-fedora-clang, r-devel-linux-x86_64-fedora-gcc, r-devel-windows-x86_64, r-patched-linux-x86_64, r-release-linux-x86_64, r-release-macos-arm64, r-release-macos-x86_64, r-release-windows-x86_64, r-oldrel-macos-arm64, r-oldrel-macos-x86_64, r-oldrel-windows-ix86+x86_64