CRAN Package Check Results for Package glamlasso

Last updated on 2020-09-20 16:14:18 CEST.

Flavor Version Tinstall Tcheck Ttotal Status Flags
r-devel-linux-x86_64-debian-clang 3.0 126.99 30.12 157.11 OK
r-devel-linux-x86_64-debian-gcc 3.0 90.55 123.18 213.73 OK
r-devel-linux-x86_64-fedora-clang 3.0 237.39 NOTE
r-devel-linux-x86_64-fedora-gcc 3.0 181.45 OK
r-devel-windows-ix86+x86_64 3.0 190.00 68.00 258.00 OK
r-patched-linux-x86_64 3.0 99.68 29.90 129.58 OK
r-patched-solaris-x86 3.0 185.90 OK
r-release-linux-x86_64 3.0 104.68 30.23 134.91 OK
r-release-macos-x86_64 3.0 NOTE
r-release-windows-ix86+x86_64 3.0 193.00 61.00 254.00 OK
r-oldrel-macos-x86_64 3.0 NOTE
r-oldrel-windows-ix86+x86_64 3.0 122.00 74.00 196.00 OK

Additional issues

valgrind

Check Details

Version: 3.0
Check: installed package size
Result: NOTE
     installed size is 11.0Mb
     sub-directories of 1Mb or more:
     libs 10.8Mb
Flavors: r-devel-linux-x86_64-fedora-clang, r-release-macos-x86_64, r-oldrel-macos-x86_64