CRAN Package Check Results for Package glamlasso

Last updated on 2021-09-19 03:51:05 CEST.

Flavor Version Tinstall Tcheck Ttotal Status Flags
r-devel-linux-x86_64-debian-clang 3.0.1 121.53 33.86 155.39 OK
r-devel-linux-x86_64-debian-gcc 3.0.1 102.69 27.05 129.74 OK
r-devel-linux-x86_64-fedora-clang 3.0.1 255.79 NOTE
r-devel-linux-x86_64-fedora-gcc 3.0.1 181.08 OK
r-devel-windows-x86_64 3.0.1 74.00 63.00 137.00 OK
r-devel-windows-x86_64-gcc10-UCRT 3.0.1 ERROR
r-patched-linux-x86_64 3.0.1 91.61 33.05 124.66 OK
r-patched-solaris-x86 3.0.1 189.10 OK
r-release-linux-x86_64 3.0.1 83.98 33.10 117.08 OK
r-release-macos-arm64 3.0.1 NOTE
r-release-macos-x86_64 3.0.1 NOTE
r-release-windows-ix86+x86_64 3.0.1 193.00 65.00 258.00 OK
r-oldrel-macos-x86_64 3.0.1 NOTE
r-oldrel-windows-ix86+x86_64 3.0.1 187.00 65.00 252.00 OK

Check Details

Version: 3.0.1
Check: installed package size
Result: NOTE
     installed size is 9.4Mb
     sub-directories of 1Mb or more:
     libs 9.3Mb
Flavors: r-devel-linux-x86_64-fedora-clang, r-release-macos-arm64, r-release-macos-x86_64, r-oldrel-macos-x86_64

Version: 3.0.1
Check: whether package can be installed
Result: ERROR
    Installation failed.
Flavor: r-devel-windows-x86_64-gcc10-UCRT